Last updated on 2024-05-21 13:52:39 CEST.
Flavor | Version | Tinstall | Tcheck | Ttotal | Status | Flags |
---|---|---|---|---|---|---|
r-devel-linux-x86_64-debian-clang | 3.5.7 | 6.37 | 34.73 | 41.10 | NOTE | |
r-devel-linux-x86_64-debian-gcc | 3.5.7 | 4.44 | 26.77 | 31.21 | NOTE | |
r-devel-linux-x86_64-fedora-clang | 3.5.7 | 50.78 | NOTE | |||
r-devel-linux-x86_64-fedora-gcc | 3.5.7 | 48.36 | NOTE | |||
r-devel-windows-x86_64 | 3.5.7 | 8.00 | 53.00 | 61.00 | NOTE | |
r-patched-linux-x86_64 | 3.5.7 | 5.66 | 33.45 | 39.11 | NOTE | |
r-release-linux-x86_64 | 3.5.7 | 5.12 | 33.41 | 38.53 | NOTE | |
r-release-macos-arm64 | 3.5.7 | 20.00 | NOTE | |||
r-release-windows-x86_64 | 3.5.7 | 7.00 | 51.00 | 58.00 | NOTE | |
r-oldrel-macos-arm64 | 3.5.7 | 21.00 | NOTE | |||
r-oldrel-macos-x86_64 | 3.5.7 | 28.00 | NOTE | |||
r-oldrel-windows-x86_64 | 3.5.7 | 7.00 | 56.00 | 63.00 | NOTE |
Version: 3.5.7
Check: Rd files
Result: NOTE
checkRd: (-1) bitspec.Rd:8: Escaped LaTeX specials: \&
Flavors: r-devel-linux-x86_64-debian-clang, r-devel-linux-x86_64-debian-gcc, r-devel-linux-x86_64-fedora-clang, r-devel-linux-x86_64-fedora-gcc, r-devel-windows-x86_64, r-patched-linux-x86_64, r-release-linux-x86_64, r-release-macos-arm64, r-release-windows-x86_64, r-oldrel-macos-arm64, r-oldrel-macos-x86_64, r-oldrel-windows-x86_64