Last updated on 2024-05-21 17:49:59 CEST.
Flavor | Version | Tinstall | Tcheck | Ttotal | Status | Flags |
---|---|---|---|---|---|---|
r-devel-linux-x86_64-debian-clang | 1.0-10 | 6.73 | 61.93 | 68.66 | OK | |
r-devel-linux-x86_64-debian-gcc | 1.0-10 | 4.43 | 45.61 | 50.04 | OK | |
r-devel-linux-x86_64-fedora-clang | 1.0-10 | 84.02 | NOTE | |||
r-devel-linux-x86_64-fedora-gcc | 1.0-10 | 80.75 | OK | |||
r-devel-windows-x86_64 | 1.0-10 | 5.00 | 63.00 | 68.00 | OK | |
r-patched-linux-x86_64 | 1.0-10 | 5.69 | 61.25 | 66.94 | OK | |
r-release-linux-x86_64 | 1.0-10 | 6.08 | 60.81 | 66.89 | OK | |
r-release-macos-arm64 | 1.0-10 | 25.00 | OK | |||
r-release-windows-x86_64 | 1.0-10 | 6.00 | 63.00 | 69.00 | OK | |
r-oldrel-macos-arm64 | 1.0-10 | 26.00 | OK | |||
r-oldrel-macos-x86_64 | 1.0-10 | 40.00 | OK | |||
r-oldrel-windows-x86_64 | 1.0-10 | 7.00 | 69.00 | 76.00 | OK |
Version: 1.0-10
Check: Rd cross-references
Result: NOTE
Undeclared package ‘rgl’ in Rd xrefs
Flavor: r-devel-linux-x86_64-fedora-clang