Last updated on 2024-05-21 13:52:43 CEST.
Flavor | Version | Tinstall | Tcheck | Ttotal | Status | Flags |
---|---|---|---|---|---|---|
r-devel-linux-x86_64-debian-clang | 0.9-40 | 6.06 | 56.44 | 62.50 | OK | |
r-devel-linux-x86_64-debian-gcc | 0.9-40 | 4.17 | 42.10 | 46.27 | OK | |
r-devel-linux-x86_64-fedora-clang | 0.9-40 | 78.04 | OK | |||
r-devel-linux-x86_64-fedora-gcc | 0.9-40 | 88.52 | OK | |||
r-devel-windows-x86_64 | 0.9-40 | 9.00 | 91.00 | 100.00 | OK | |
r-patched-linux-x86_64 | 0.9-40 | 6.16 | 54.53 | 60.69 | OK | |
r-release-linux-x86_64 | 0.9-40 | 4.88 | 54.52 | 59.40 | OK | |
r-release-macos-arm64 | 0.9-40 | 32.00 | OK | |||
r-release-windows-x86_64 | 0.9-40 | 8.00 | 92.00 | 100.00 | OK | |
r-oldrel-macos-arm64 | 0.9-40 | 40.00 | OK | |||
r-oldrel-macos-x86_64 | 0.9-40 | 50.00 | NOTE | |||
r-oldrel-windows-x86_64 | 0.9-40 | 10.00 | 91.00 | 101.00 | OK |
Version: 0.9-40
Check: package dependencies
Result: NOTE
Packages suggested but not available for checking: 'car', 'dynlm', 'AER'
Flavor: r-oldrel-macos-x86_64
Version: 0.9-40
Check: Rd cross-references
Result: NOTE
Package unavailable to check Rd xrefs: ‘car’
Flavor: r-oldrel-macos-x86_64