Last updated on 2024-05-23 17:51:55 CEST.
Flavor | Version | Tinstall | Tcheck | Ttotal | Status | Flags |
---|---|---|---|---|---|---|
r-devel-linux-x86_64-debian-clang | 1.1.0 | 28.82 | 962.11 | 990.93 | OK | |
r-devel-linux-x86_64-debian-gcc | 1.1.0 | 24.89 | 646.57 | 671.46 | OK | |
r-devel-linux-x86_64-fedora-clang | 1.1.0 | 1164.27 | NOTE | |||
r-devel-linux-x86_64-fedora-gcc | 1.1.0 | 1127.24 | OK | |||
r-devel-windows-x86_64 | 1.1.0 | 29.00 | 764.00 | 793.00 | NOTE | |
r-patched-linux-x86_64 | 1.1.0 | 33.00 | 906.53 | 939.53 | OK | |
r-release-linux-x86_64 | 1.1.0 | 29.42 | 883.87 | 913.29 | OK | |
r-release-macos-arm64 | 1.1.0 | 250.00 | NOTE | |||
r-release-macos-x86_64 | 1.1.0 | 364.00 | NOTE | |||
r-release-windows-x86_64 | 1.1.0 | 31.00 | 748.00 | 779.00 | NOTE | |
r-oldrel-macos-arm64 | 1.1.0 | 170.00 | NOTE | |||
r-oldrel-macos-x86_64 | 1.1.0 | 401.00 | NOTE | |||
r-oldrel-windows-x86_64 | 1.1.0 | 38.00 | 1004.00 | 1042.00 | NOTE |
Version: 1.1.0
Check: package dependencies
Result: NOTE
Imports includes 29 non-default packages.
Importing from so many packages makes the package vulnerable to any of
them becoming unavailable. Move as many as possible to Suggests and
use conditionally.
Flavor: r-devel-linux-x86_64-fedora-clang
Version: 1.1.0
Check: installed package size
Result: NOTE
installed size is 5.8Mb
sub-directories of 1Mb or more:
extdata 4.3Mb
Flavors: r-devel-linux-x86_64-fedora-clang, r-devel-windows-x86_64, r-release-macos-arm64, r-release-macos-x86_64, r-release-windows-x86_64, r-oldrel-macos-arm64, r-oldrel-macos-x86_64, r-oldrel-windows-x86_64