Last updated on 2024-05-23 17:51:56 CEST.
Flavor | Version | Tinstall | Tcheck | Ttotal | Status | Flags |
---|---|---|---|---|---|---|
r-devel-linux-x86_64-debian-clang | 0.1.5 | 3.61 | 44.81 | 48.42 | NOTE | |
r-devel-linux-x86_64-debian-gcc | 0.1.5 | 3.81 | 34.48 | 38.29 | NOTE | |
r-devel-linux-x86_64-fedora-clang | 0.1.5 | 63.68 | NOTE | |||
r-devel-linux-x86_64-fedora-gcc | 0.1.5 | 59.41 | NOTE | |||
r-devel-windows-x86_64 | 0.1.5 | 7.00 | 54.00 | 61.00 | NOTE | |
r-patched-linux-x86_64 | 0.1.5 | 4.95 | 44.24 | 49.19 | NOTE | |
r-release-linux-x86_64 | 0.1.5 | 3.33 | 44.09 | 47.42 | NOTE | |
r-release-macos-arm64 | 0.1.5 | 24.00 | NOTE | |||
r-release-windows-x86_64 | 0.1.5 | 6.00 | 53.00 | 59.00 | NOTE | |
r-oldrel-macos-arm64 | 0.1.5 | 25.00 | NOTE | |||
r-oldrel-macos-x86_64 | 0.1.5 | 33.00 | NOTE | |||
r-oldrel-windows-x86_64 | 0.1.5 | 8.00 | 57.00 | 65.00 | NOTE |
Version: 0.1.5
Check: LazyData
Result: NOTE
'LazyData' is specified without a 'data' directory
Flavors: r-devel-linux-x86_64-debian-clang, r-devel-linux-x86_64-debian-gcc, r-devel-linux-x86_64-fedora-clang, r-devel-linux-x86_64-fedora-gcc, r-devel-windows-x86_64, r-patched-linux-x86_64, r-release-linux-x86_64, r-release-macos-arm64, r-release-windows-x86_64, r-oldrel-macos-arm64, r-oldrel-macos-x86_64, r-oldrel-windows-x86_64