Last updated on 2024-05-21 13:52:52 CEST.
Flavor | Version | Tinstall | Tcheck | Ttotal | Status | Flags |
---|---|---|---|---|---|---|
r-devel-linux-x86_64-debian-clang | 0.5-0 | 95.70 | 446.10 | 541.80 | OK | |
r-devel-linux-x86_64-debian-gcc | 0.5-0 | 69.11 | 376.19 | 445.30 | OK | |
r-devel-linux-x86_64-fedora-clang | 0.5-0 | 670.09 | OK | |||
r-devel-linux-x86_64-fedora-gcc | 0.5-0 | 742.71 | OK | |||
r-devel-windows-x86_64 | 0.5-0 | 64.00 | 348.00 | 412.00 | OK | |
r-patched-linux-x86_64 | 0.5-0 | 97.12 | 479.89 | 577.01 | OK | |
r-release-linux-x86_64 | 0.5-0 | 104.21 | 473.30 | 577.51 | OK | |
r-release-macos-arm64 | 0.5-0 | 209.00 | NOTE | |||
r-release-windows-x86_64 | 0.5-0 | 63.00 | 360.00 | 423.00 | OK | |
r-oldrel-macos-arm64 | 0.5-0 | 287.00 | NOTE | |||
r-oldrel-macos-x86_64 | 0.5-0 | 450.00 | NOTE | |||
r-oldrel-windows-x86_64 | 0.5-0 | 82.00 | 423.00 | 505.00 | OK |
Version: 0.5-0
Check: installed package size
Result: NOTE
installed size is 19.6Mb
sub-directories of 1Mb or more:
libs 18.3Mb
Flavors: r-release-macos-arm64, r-oldrel-macos-arm64, r-oldrel-macos-x86_64