Last updated on 2024-05-23 17:52:16 CEST.
Flavor | Version | Tinstall | Tcheck | Ttotal | Status | Flags |
---|---|---|---|---|---|---|
r-devel-linux-x86_64-debian-clang | 0.0.1 | 2.22 | 36.74 | 38.96 | NOTE | |
r-devel-linux-x86_64-debian-gcc | 0.0.1 | 1.51 | 26.99 | 28.50 | NOTE | |
r-devel-linux-x86_64-fedora-clang | 0.0.1 | 47.36 | NOTE | |||
r-devel-linux-x86_64-fedora-gcc | 0.0.1 | 44.80 | NOTE | |||
r-devel-windows-x86_64 | 0.0.1 | 2.00 | 49.00 | 51.00 | NOTE | |
r-patched-linux-x86_64 | 0.0.1 | 1.74 | 34.81 | 36.55 | NOTE | |
r-release-linux-x86_64 | 0.0.1 | 1.39 | 34.04 | 35.43 | NOTE | |
r-release-macos-arm64 | 0.0.1 | 19.00 | NOTE | |||
r-release-windows-x86_64 | 0.0.1 | 2.00 | 48.00 | 50.00 | NOTE | |
r-oldrel-macos-arm64 | 0.0.1 | 19.00 | NOTE | |||
r-oldrel-macos-x86_64 | 0.0.1 | 28.00 | NOTE | |||
r-oldrel-windows-x86_64 | 0.0.1 | 3.00 | 51.00 | 54.00 | NOTE |
Version: 0.0.1
Check: LazyData
Result: NOTE
'LazyData' is specified without a 'data' directory
Flavors: r-devel-linux-x86_64-debian-clang, r-devel-linux-x86_64-debian-gcc, r-devel-linux-x86_64-fedora-clang, r-devel-linux-x86_64-fedora-gcc, r-devel-windows-x86_64, r-patched-linux-x86_64, r-release-linux-x86_64, r-release-macos-arm64, r-release-windows-x86_64, r-oldrel-macos-arm64, r-oldrel-macos-x86_64, r-oldrel-windows-x86_64