Last updated on 2024-07-18 04:50:09 CEST.
Flavor | Version | Tinstall | Tcheck | Ttotal | Status | Flags |
---|---|---|---|---|---|---|
r-devel-linux-x86_64-debian-clang | 2.9.9 | 180.34 | 183.79 | 364.13 | OK | |
r-devel-linux-x86_64-debian-gcc | 2.9.9 | 120.46 | 130.26 | 250.72 | OK | |
r-devel-linux-x86_64-fedora-clang | 2.9.9 | 520.42 | OK | |||
r-devel-linux-x86_64-fedora-gcc | 2.9.9 | 502.68 | OK | |||
r-devel-windows-x86_64 | 2.9.9 | 133.00 | 177.00 | 310.00 | NOTE | |
r-patched-linux-x86_64 | 2.9.9 | 152.18 | 174.24 | 326.42 | OK | |
r-release-linux-x86_64 | 2.9.9 | 143.26 | 171.95 | 315.21 | OK | |
r-release-macos-arm64 | 2.9.9 | 125.00 | NOTE | |||
r-release-macos-x86_64 | 2.9.9 | 213.00 | NOTE | |||
r-release-windows-x86_64 | 2.9.9 | 137.00 | 175.00 | 312.00 | NOTE | |
r-oldrel-macos-arm64 | 2.9.9 | 148.00 | NOTE | |||
r-oldrel-macos-x86_64 | 2.9.9 | 200.00 | NOTE | |||
r-oldrel-windows-x86_64 | 2.9.9 | 170.00 | 202.00 | 372.00 | NOTE |
Version: 2.9.9
Check: installed package size
Result: NOTE
installed size is 5.9Mb
sub-directories of 1Mb or more:
data 3.1Mb
libs 1.3Mb
Flavors: r-devel-windows-x86_64, r-release-macos-arm64, r-release-macos-x86_64, r-release-windows-x86_64, r-oldrel-macos-arm64, r-oldrel-macos-x86_64, r-oldrel-windows-x86_64