Last updated on 2024-07-18 04:50:09 CEST.
Flavor | Version | Tinstall | Tcheck | Ttotal | Status | Flags |
---|---|---|---|---|---|---|
r-devel-linux-x86_64-debian-clang | 0.1.3 | 46.51 | 92.83 | 139.34 | NOTE | |
r-devel-linux-x86_64-debian-gcc | 0.1.3 | 34.09 | 67.32 | 101.41 | NOTE | |
r-devel-linux-x86_64-fedora-clang | 0.1.3 | 184.56 | NOTE | |||
r-devel-linux-x86_64-fedora-gcc | 0.1.3 | 283.76 | NOTE | |||
r-devel-windows-x86_64 | 0.1.3 | 38.00 | 99.00 | 137.00 | NOTE | |
r-patched-linux-x86_64 | 0.1.3 | 46.02 | 87.25 | 133.27 | NOTE | |
r-release-linux-x86_64 | 0.1.3 | 43.43 | 85.92 | 129.35 | NOTE | |
r-release-macos-arm64 | 0.1.3 | 82.00 | NOTE | |||
r-release-macos-x86_64 | 0.1.3 | 177.00 | NOTE | |||
r-release-windows-x86_64 | 0.1.3 | 38.00 | 99.00 | 137.00 | NOTE | |
r-oldrel-macos-arm64 | 0.1.3 | 84.00 | NOTE | |||
r-oldrel-macos-x86_64 | 0.1.3 | 138.00 | NOTE | |||
r-oldrel-windows-x86_64 | 0.1.3 | 50.00 | 117.00 | 167.00 | NOTE |
Version: 0.1.3
Check: C++ specification
Result: NOTE
Specified C++11: please drop specification unless essential
Flavors: r-devel-linux-x86_64-debian-clang, r-devel-linux-x86_64-debian-gcc, r-devel-linux-x86_64-fedora-clang, r-devel-linux-x86_64-fedora-gcc, r-devel-windows-x86_64, r-patched-linux-x86_64, r-release-linux-x86_64, r-release-macos-arm64, r-release-macos-x86_64, r-release-windows-x86_64, r-oldrel-macos-arm64, r-oldrel-macos-x86_64, r-oldrel-windows-x86_64