CRAN Package Check Results for Package BayesianGLasso

Last updated on 2025-07-19 09:48:23 CEST.

Flavor Version Tinstall Tcheck Ttotal Status Flags
r-devel-linux-x86_64-debian-clang 0.2.0 1.52 17.68 19.20 OK
r-devel-linux-x86_64-debian-gcc 0.2.0 1.38 14.75 16.13 OK
r-devel-linux-x86_64-fedora-clang 0.2.0 30.93 OK
r-devel-linux-x86_64-fedora-gcc 0.2.0 29.27 OK
r-devel-windows-x86_64 0.2.0 3.00 39.00 42.00 OK
r-patched-linux-x86_64 0.2.0 1.69 16.70 18.39 OK
r-release-linux-x86_64 0.2.0 1.66 17.19 18.85 OK
r-release-macos-arm64 0.2.0 14.00 OK
r-release-macos-x86_64 0.2.0 28.00 OK
r-release-windows-x86_64 0.2.0 3.00 39.00 42.00 OK
r-oldrel-macos-arm64 0.2.0 20.00 NOTE
r-oldrel-macos-x86_64 0.2.0 20.00 NOTE
r-oldrel-windows-x86_64 0.2.0 3.00 44.00 47.00 NOTE

Check Details

Version: 0.2.0
Check: LazyData
Result: NOTE 'LazyData' is specified without a 'data' directory Flavors: r-oldrel-macos-arm64, r-oldrel-macos-x86_64, r-oldrel-windows-x86_64