Last updated on 2025-07-15 17:50:05 CEST.
Flavor | Version | Tinstall | Tcheck | Ttotal | Status | Flags |
---|---|---|---|---|---|---|
r-devel-linux-x86_64-debian-clang | 0.1.0 | 15.45 | 116.09 | 131.54 | OK | |
r-devel-linux-x86_64-debian-gcc | 0.1.0 | 9.49 | 81.53 | 91.02 | OK | |
r-devel-linux-x86_64-fedora-clang | 0.1.0 | 200.69 | NOTE | |||
r-devel-linux-x86_64-fedora-gcc | 0.1.0 | 187.82 | NOTE | |||
r-devel-windows-x86_64 | 0.1.0 | 18.00 | 106.00 | 124.00 | OK | |
r-patched-linux-x86_64 | 0.1.0 | 14.48 | 108.41 | 122.89 | OK | |
r-release-linux-x86_64 | 0.1.0 | 16.04 | 106.78 | 122.82 | OK | |
r-release-macos-arm64 | 0.1.0 | 51.00 | OK | |||
r-release-macos-x86_64 | 0.1.0 | 100.00 | OK | |||
r-release-windows-x86_64 | 0.1.0 | 18.00 | 113.00 | 131.00 | OK | |
r-oldrel-macos-arm64 | 0.1.0 | 53.00 | OK | |||
r-oldrel-macos-x86_64 | 0.1.0 | 74.00 | OK | |||
r-oldrel-windows-x86_64 | 0.1.0 | 25.00 | 147.00 | 172.00 | OK |
Version: 0.1.0
Check: dependencies in R code
Result: NOTE
Namespace in Imports field not imported from: ‘devtools’
All declared Imports should be used.
Flavors: r-devel-linux-x86_64-fedora-clang, r-devel-linux-x86_64-fedora-gcc