Last updated on 2025-07-14 04:48:29 CEST.
Flavor | Version | Tinstall | Tcheck | Ttotal | Status | Flags |
---|---|---|---|---|---|---|
r-devel-linux-x86_64-debian-clang | 1.4.3 | 3.71 | 18.97 | 22.68 | NOTE | |
r-devel-linux-x86_64-debian-gcc | 1.4.4 | 3.03 | 17.29 | 20.32 | OK | |
r-devel-linux-x86_64-fedora-clang | 1.4.3 | OK | ||||
r-devel-linux-x86_64-fedora-gcc | 1.4.4 | 37.17 | OK | |||
r-devel-windows-x86_64 | 1.4.3 | 9.00 | 40.00 | 49.00 | OK | |
r-patched-linux-x86_64 | 1.4.3 | 3.93 | 18.09 | 22.02 | OK | |
r-release-linux-x86_64 | 1.4.3 | 3.87 | 17.88 | 21.75 | OK | |
r-release-macos-arm64 | 1.4.3 | 18.00 | OK | |||
r-release-macos-x86_64 | 1.4.3 | 26.00 | OK | |||
r-release-windows-x86_64 | 1.4.4 | 10.00 | 44.00 | 54.00 | OK | |
r-oldrel-macos-arm64 | 1.4.3 | 21.00 | OK | |||
r-oldrel-macos-x86_64 | 1.4.3 | 21.00 | OK | |||
r-oldrel-windows-x86_64 | 1.4.3 | 8.00 | 39.00 | 47.00 | OK |
Version: 1.4.3
Check: CRAN incoming feasibility
Result: NOTE
Maintainer: ‘P. Lafaye de Micheaux <lafaye@unsw.edu.au>’
No Authors@R field in DESCRIPTION.
Please add one, modifying
Authors@R: person(given = c("P.", "Lafaye"),
family = "de Micheaux",
role = c("aut", "cre"),
email = "lafaye@unsw.edu.au")
as necessary.
Package CITATION file contains call(s) to old-style personList() or
as.personList(). Please use c() on person objects instead.
Package CITATION file contains call(s) to old-style citEntry(). Please
use bibentry() instead.
Flavor: r-devel-linux-x86_64-debian-clang