Last updated on 2024-07-18 04:50:12 CEST.
Flavor | Version | Tinstall | Tcheck | Ttotal | Status | Flags |
---|---|---|---|---|---|---|
r-devel-linux-x86_64-debian-clang | 1.0-1 | 10.69 | 174.80 | 185.49 | NOTE | |
r-devel-linux-x86_64-debian-gcc | 1.0-1 | 7.86 | 126.06 | 133.92 | NOTE | |
r-devel-linux-x86_64-fedora-clang | 1.0-1 | 216.58 | NOTE | |||
r-devel-linux-x86_64-fedora-gcc | 1.0-1 | 217.79 | NOTE | |||
r-devel-windows-x86_64 | 1.0-1 | 11.00 | 88.00 | 99.00 | NOTE | --no-vignettes |
r-patched-linux-x86_64 | 1.0-1 | 12.63 | 165.40 | 178.03 | NOTE | |
r-release-linux-x86_64 | 1.0-1 | 7.75 | 164.15 | 171.90 | NOTE | |
r-release-macos-arm64 | 1.0-1 | 151.00 | NOTE | |||
r-release-macos-x86_64 | 1.0-1 | 226.00 | NOTE | |||
r-release-windows-x86_64 | 1.0-1 | 9.00 | 91.00 | 100.00 | NOTE | --no-vignettes |
r-oldrel-macos-arm64 | 1.0-1 | 289.00 | NOTE | |||
r-oldrel-macos-x86_64 | 1.0-1 | 470.00 | NOTE | |||
r-oldrel-windows-x86_64 | 1.0-1 | 12.00 | 107.00 | 119.00 | NOTE | --no-vignettes |
Version: 1.0-1
Check: package dependencies
Result: NOTE
Package suggested but not available for checking: ‘INLA’
Flavors: r-devel-linux-x86_64-debian-clang, r-devel-linux-x86_64-debian-gcc, r-patched-linux-x86_64, r-release-linux-x86_64, r-release-macos-arm64, r-release-macos-x86_64, r-oldrel-macos-arm64, r-oldrel-macos-x86_64
Version: 1.0-1
Check: Rd files
Result: NOTE
checkRd: (-1) CalcStatClusterGivenCenter.Rd:36: Lost braces; missing escapes or markup?
36 | This can be "glm" for generalized linear models (\link{glm} {stats}),
| ^
checkRd: (-1) CalcStatClusterGivenCenter.Rd:37: Lost braces; missing escapes or markup?
37 | "glmer" for generalized linear mixed model (\link{glmer} {lme4}),
| ^
checkRd: (-1) CalcStatsAllClusters.Rd:49: Lost braces; missing escapes or markup?
49 | This can be "glm" for generalized linear models (\link{glm} {stats}),
| ^
checkRd: (-1) CalcStatsAllClusters.Rd:50: Lost braces; missing escapes or markup?
50 | "glmer" for generalized linear mixed model (\link{glmer} {lme4}),
| ^
checkRd: (-1) DetectClustersModel.Rd:60: Lost braces; missing escapes or markup?
60 | This can be "glm" for generalized linear models (\link{glm} {stats}),
| ^
checkRd: (-1) DetectClustersModel.Rd:61: Lost braces; missing escapes or markup?
61 | "glmer" for generalized linear mixed model (\link{glmer} {lme4}),
| ^
checkRd: (-1) glmAndZIP.iscluster.Rd:34: Lost braces; missing escapes or markup?
34 | This can be "glm" for generalized linear models (\link{glm} {stats}),
| ^
checkRd: (-1) glmAndZIP.iscluster.Rd:35: Lost braces; missing escapes or markup?
35 | "glmer" for generalized linear mixed model (\link{glmer} {lme4}),
| ^
Flavors: r-devel-linux-x86_64-debian-clang, r-devel-linux-x86_64-debian-gcc, r-devel-linux-x86_64-fedora-clang, r-devel-linux-x86_64-fedora-gcc, r-patched-linux-x86_64, r-release-linux-x86_64, r-release-macos-arm64, r-release-macos-x86_64
Version: 1.0-1
Check: data for non-ASCII characters
Result: NOTE
Note: found 2 marked Latin-1 strings
Flavors: r-devel-linux-x86_64-fedora-clang, r-devel-linux-x86_64-fedora-gcc
Version: 1.0-1
Flags: --no-vignettes
Check: Rd files
Result: NOTE
checkRd: (-1) CalcStatClusterGivenCenter.Rd:36: Lost braces; missing escapes or markup?
36 | This can be "glm" for generalized linear models (\link{glm} {stats}),
| ^
checkRd: (-1) CalcStatClusterGivenCenter.Rd:37: Lost braces; missing escapes or markup?
37 | "glmer" for generalized linear mixed model (\link{glmer} {lme4}),
| ^
checkRd: (-1) CalcStatsAllClusters.Rd:49: Lost braces; missing escapes or markup?
49 | This can be "glm" for generalized linear models (\link{glm} {stats}),
| ^
checkRd: (-1) CalcStatsAllClusters.Rd:50: Lost braces; missing escapes or markup?
50 | "glmer" for generalized linear mixed model (\link{glmer} {lme4}),
| ^
checkRd: (-1) DetectClustersModel.Rd:60: Lost braces; missing escapes or markup?
60 | This can be "glm" for generalized linear models (\link{glm} {stats}),
| ^
checkRd: (-1) DetectClustersModel.Rd:61: Lost braces; missing escapes or markup?
61 | "glmer" for generalized linear mixed model (\link{glmer} {lme4}),
| ^
checkRd: (-1) glmAndZIP.iscluster.Rd:34: Lost braces; missing escapes or markup?
34 | This can be "glm" for generalized linear models (\link{glm} {stats}),
| ^
checkRd: (-1) glmAndZIP.iscluster.Rd:35: Lost braces; missing escapes or markup?
35 | "glmer" for generalized linear mixed model (\link{glmer} {lme4}),
| ^
Flavors: r-devel-windows-x86_64, r-release-windows-x86_64
Version: 1.0-1
Flags: --no-vignettes
Check: Rd cross-references
Result: NOTE
Found the following Rd file(s) with Rd \link{} targets missing package
anchors:
CalcStatClusterGivenCenter.Rd: glmer
CalcStatsAllClusters.Rd: glmer
DetectClustersModel.Rd: glmer, SpatialPolygonsDataFrame, STFDF,
SpatialPolygons
glmAndZIP.iscluster.Rd: glmer
knbinary.Rd: SpatialPolygonsDataFrame
mergeknclusters.Rd: SpatialPolygonsDataFrame
Please provide package anchors for all Rd \link{} targets not in the
package itself and the base packages.
Flavor: r-devel-windows-x86_64
Version: 1.0-1
Flags: --no-vignettes
Check: package dependencies
Result: NOTE
Package suggested but not available for checking: 'INLA'
Flavor: r-oldrel-windows-x86_64