Last updated on 2024-07-18 04:50:13 CEST.
Flavor | Version | Tinstall | Tcheck | Ttotal | Status | Flags |
---|---|---|---|---|---|---|
r-devel-linux-x86_64-debian-clang | 0.33 | 7.28 | 48.43 | 55.71 | OK | |
r-devel-linux-x86_64-debian-gcc | 0.33 | 5.17 | 37.10 | 42.27 | OK | |
r-devel-linux-x86_64-fedora-clang | 0.33 | 71.47 | NOTE | |||
r-devel-linux-x86_64-fedora-gcc | 0.33 | 79.18 | OK | |||
r-devel-windows-x86_64 | 0.33 | 9.00 | 58.00 | 67.00 | NOTE | |
r-patched-linux-x86_64 | 0.33 | 9.91 | 47.51 | 57.42 | OK | |
r-release-linux-x86_64 | 0.33 | 5.85 | 46.71 | 52.56 | OK | |
r-release-macos-arm64 | 0.33 | 34.00 | NOTE | |||
r-release-macos-x86_64 | 0.33 | 52.00 | NOTE | |||
r-release-windows-x86_64 | 0.33 | 10.00 | 58.00 | 68.00 | NOTE | |
r-oldrel-macos-arm64 | 0.33 | 36.00 | NOTE | |||
r-oldrel-macos-x86_64 | 0.33 | 64.00 | NOTE | |||
r-oldrel-windows-x86_64 | 0.33 | 11.00 | 65.00 | 76.00 | NOTE |
Version: 0.33
Check: installed package size
Result: NOTE
installed size is 6.8Mb
sub-directories of 1Mb or more:
htmlwidgets 5.8Mb
Flavors: r-devel-linux-x86_64-fedora-clang, r-devel-windows-x86_64, r-release-macos-arm64, r-release-macos-x86_64, r-release-windows-x86_64, r-oldrel-macos-arm64, r-oldrel-macos-x86_64, r-oldrel-windows-x86_64
Version: 0.33
Check: Rd cross-references
Result: NOTE
Found the following Rd file(s) with Rd \link{} targets missing package
anchors:
dataTableOutput.Rd: shinyWidgetOutput
Please provide package anchors for all Rd \link{} targets not in the
package itself and the base packages.
Flavor: r-devel-windows-x86_64