Last updated on 2025-07-22 17:50:32 CEST.
Flavor | Version | Tinstall | Tcheck | Ttotal | Status | Flags |
---|---|---|---|---|---|---|
r-devel-linux-x86_64-debian-clang | 0.2.4 | 8.35 | 47.87 | 56.22 | NOTE | |
r-devel-linux-x86_64-debian-gcc | 0.2.4 | 5.40 | 35.91 | 41.31 | NOTE | |
r-devel-linux-x86_64-fedora-clang | 0.2.4 | 88.18 | OK | |||
r-devel-linux-x86_64-fedora-gcc | 0.2.4 | 80.38 | OK | |||
r-devel-windows-x86_64 | 0.2.4 | 11.00 | 65.00 | 76.00 | OK | |
r-patched-linux-x86_64 | 0.2.4 | 6.65 | 44.23 | 50.88 | OK | |
r-release-linux-x86_64 | 0.2.4 | 6.08 | 44.80 | 50.88 | OK | |
r-release-macos-arm64 | 0.2.4 | 40.00 | OK | |||
r-release-macos-x86_64 | 0.2.4 | 49.00 | OK | |||
r-release-windows-x86_64 | 0.2.4 | 11.00 | 65.00 | 76.00 | OK | |
r-oldrel-macos-arm64 | 0.2.4 | 30.00 | OK | |||
r-oldrel-macos-x86_64 | 0.2.4 | 40.00 | OK | |||
r-oldrel-windows-x86_64 | 0.2.4 | 14.00 | 77.00 | 91.00 | OK |
Version: 0.2.4
Check: CRAN incoming feasibility
Result: NOTE
Maintainer: ‘Carl Boettiger <cboettig@gmail.com>’
The Description field contains
<arXiv:1708.01242>.
Please refer to arXiv e-prints via their arXiv DOI <doi:10.48550/arXiv.YYMM.NNNNN>.
Flavors: r-devel-linux-x86_64-debian-clang, r-devel-linux-x86_64-debian-gcc