Last updated on 2025-07-17 04:54:39 CEST.
Flavor | Version | Tinstall | Tcheck | Ttotal | Status | Flags |
---|---|---|---|---|---|---|
r-devel-linux-x86_64-debian-clang | 0.1.4 | 6.81 | 55.63 | 62.44 | NOTE | |
r-devel-linux-x86_64-debian-gcc | 0.1.4 | 5.40 | 38.80 | 44.20 | NOTE | |
r-devel-linux-x86_64-fedora-clang | 0.1.4 | 100.76 | OK | |||
r-devel-linux-x86_64-fedora-gcc | 0.1.4 | 88.91 | OK | |||
r-devel-windows-x86_64 | 0.1.4 | 9.00 | 74.00 | 83.00 | OK | |
r-patched-linux-x86_64 | 0.1.4 | 7.67 | 49.58 | 57.25 | OK | |
r-release-linux-x86_64 | 0.1.4 | 6.22 | 49.48 | 55.70 | OK | |
r-release-macos-arm64 | 0.1.4 | 28.00 | OK | |||
r-release-macos-x86_64 | 0.1.4 | 55.00 | OK | |||
r-release-windows-x86_64 | 0.1.4 | 10.00 | 71.00 | 81.00 | OK | |
r-oldrel-macos-arm64 | 0.1.4 | 29.00 | OK | |||
r-oldrel-macos-x86_64 | 0.1.4 | 44.00 | OK | |||
r-oldrel-windows-x86_64 | 0.1.4 | 11.00 | 86.00 | 97.00 | OK |
Version: 0.1.4
Check: CRAN incoming feasibility
Result: NOTE
Maintainer: ‘Nika Salia <2001salia@gmail.com>’
No Authors@R field in DESCRIPTION.
Please add one, modifying
Authors@R: c(person(given = "Irakli",
family = "Salia",
role = "aut",
email = "irakli.salia854@gmail.com"),
person(given = "Nika",
family = "Salia",
role = "cre",
email = "2001salia@gmail.com"))
as necessary.
Flavors: r-devel-linux-x86_64-debian-clang, r-devel-linux-x86_64-debian-gcc