Last updated on 2024-07-18 04:50:16 CEST.
Flavor | Version | Tinstall | Tcheck | Ttotal | Status | Flags |
---|---|---|---|---|---|---|
r-devel-linux-x86_64-debian-clang | 1.1.1 | 3.44 | 35.97 | 39.41 | NOTE | |
r-devel-linux-x86_64-debian-gcc | 1.1.1 | 2.79 | 26.25 | 29.04 | NOTE | |
r-devel-linux-x86_64-fedora-clang | 1.1.1 | 51.51 | NOTE | |||
r-devel-linux-x86_64-fedora-gcc | 1.1.1 | 44.92 | NOTE | |||
r-devel-windows-x86_64 | 1.1.1 | 4.00 | 46.00 | 50.00 | NOTE | |
r-patched-linux-x86_64 | 1.1.1 | 3.75 | 33.96 | 37.71 | NOTE | |
r-release-linux-x86_64 | 1.1.1 | 3.80 | 33.81 | 37.61 | NOTE | |
r-release-macos-arm64 | 1.1.1 | 17.00 | NOTE | |||
r-release-macos-x86_64 | 1.1.1 | 24.00 | NOTE | |||
r-release-windows-x86_64 | 1.1.1 | 3.00 | 46.00 | 49.00 | NOTE | |
r-oldrel-macos-arm64 | 1.1.1 | 18.00 | NOTE | |||
r-oldrel-macos-x86_64 | 1.1.1 | 25.00 | NOTE | |||
r-oldrel-windows-x86_64 | 1.1.1 | 3.00 | 49.00 | 52.00 | NOTE |
Version: 1.1.1
Check: LazyData
Result: NOTE
'LazyData' is specified without a 'data' directory
Flavors: r-devel-linux-x86_64-debian-clang, r-devel-linux-x86_64-debian-gcc, r-devel-linux-x86_64-fedora-clang, r-devel-linux-x86_64-fedora-gcc, r-devel-windows-x86_64, r-patched-linux-x86_64, r-release-linux-x86_64, r-release-macos-arm64, r-release-macos-x86_64, r-release-windows-x86_64, r-oldrel-macos-arm64, r-oldrel-macos-x86_64, r-oldrel-windows-x86_64