Last updated on 2024-07-18 09:52:22 CEST.
Flavor | Version | Tinstall | Tcheck | Ttotal | Status | Flags |
---|---|---|---|---|---|---|
r-devel-linux-x86_64-debian-clang | 0.5 | 12.14 | 100.29 | 112.43 | OK | |
r-devel-linux-x86_64-debian-gcc | 0.5 | 8.01 | 75.24 | 83.25 | OK | |
r-devel-linux-x86_64-fedora-clang | 0.5 | 145.46 | OK | |||
r-devel-windows-x86_64 | 0.5 | 12.00 | 89.00 | 101.00 | NOTE | |
r-patched-linux-x86_64 | 0.5 | 14.15 | 94.88 | 109.03 | OK | |
r-release-linux-x86_64 | 0.5 | 11.96 | 97.19 | 109.15 | OK | |
r-release-macos-arm64 | 0.5 | 42.00 | OK | |||
r-release-macos-x86_64 | 0.5 | 61.00 | OK | |||
r-release-windows-x86_64 | 0.5 | 10.00 | 88.00 | 98.00 | OK | |
r-oldrel-macos-arm64 | 0.5 | 46.00 | OK | |||
r-oldrel-macos-x86_64 | 0.5 | 72.00 | OK | |||
r-oldrel-windows-x86_64 | 0.5 | 14.00 | 104.00 | 118.00 | OK |
Version: 0.5
Check: Rd cross-references
Result: NOTE
Found the following Rd file(s) with Rd \link{} targets missing package
anchors:
ICSShiny.Rd: ICSOutlier, dist.simu.test, comp.simu.test
Please provide package anchors for all Rd \link{} targets not in the
package itself and the base packages.
Flavor: r-devel-windows-x86_64