Last updated on 2024-07-18 04:50:17 CEST.
Flavor | Version | Tinstall | Tcheck | Ttotal | Status | Flags |
---|---|---|---|---|---|---|
r-devel-linux-x86_64-debian-clang | 1.0.0 | 8.48 | 339.83 | 348.31 | OK | |
r-devel-linux-x86_64-debian-gcc | 1.0.0 | 6.63 | 260.55 | 267.18 | OK | |
r-devel-linux-x86_64-fedora-clang | 1.0.0 | 439.64 | NOTE | |||
r-devel-linux-x86_64-fedora-gcc | 1.0.0 | 454.57 | NOTE | |||
r-devel-windows-x86_64 | 1.0.0 | 8.00 | 362.00 | 370.00 | OK | |
r-patched-linux-x86_64 | 1.0.0 | 8.29 | 341.83 | 350.12 | OK | |
r-release-linux-x86_64 | 1.0.0 | 7.43 | 340.58 | 348.01 | OK | |
r-release-macos-arm64 | 1.0.0 | 164.00 | OK | |||
r-release-macos-x86_64 | 1.0.0 | 281.00 | OK | |||
r-release-windows-x86_64 | 1.0.0 | 9.00 | 365.00 | 374.00 | OK | |
r-oldrel-macos-arm64 | 1.0.0 | 187.00 | OK | |||
r-oldrel-macos-x86_64 | 1.0.0 | 359.00 | OK | |||
r-oldrel-windows-x86_64 | 1.0.0 | 10.00 | 352.00 | 362.00 | OK |
Version: 1.0.0
Check: dependencies in R code
Result: NOTE
Namespaces in Imports field not imported from:
‘lme4’ ‘reshape2’
All declared Imports should be used.
Flavors: r-devel-linux-x86_64-fedora-clang, r-devel-linux-x86_64-fedora-gcc