Last updated on 2024-07-18 04:50:19 CEST.
Flavor | Version | Tinstall | Tcheck | Ttotal | Status | Flags |
---|---|---|---|---|---|---|
r-devel-linux-x86_64-debian-clang | 0.5.1 | 9.95 | 105.47 | 115.42 | OK | |
r-devel-linux-x86_64-debian-gcc | 0.5.1 | 7.94 | 79.83 | 87.77 | OK | |
r-devel-linux-x86_64-fedora-clang | 0.5.1 | 144.72 | OK | |||
r-devel-linux-x86_64-fedora-gcc | 0.5.1 | 149.05 | OK | |||
r-devel-windows-x86_64 | 0.5.1 | 11.00 | 93.00 | 104.00 | NOTE | |
r-patched-linux-x86_64 | 0.5.1 | 15.16 | 99.86 | 115.02 | OK | |
r-release-linux-x86_64 | 0.5.1 | 7.09 | 99.83 | 106.92 | OK | |
r-release-macos-arm64 | 0.5.1 | 50.00 | OK | |||
r-release-macos-x86_64 | 0.5.1 | 71.00 | OK | |||
r-release-windows-x86_64 | 0.5.1 | 10.00 | 94.00 | 104.00 | OK | |
r-oldrel-macos-arm64 | 0.5.1 | 56.00 | OK | |||
r-oldrel-macos-x86_64 | 0.5.1 | 81.00 | OK | |||
r-oldrel-windows-x86_64 | 0.5.1 | 12.00 | 110.00 | 122.00 | OK |
Version: 0.5.1
Check: Rd cross-references
Result: NOTE
Found the following Rd file(s) with Rd \link{} targets missing package
anchors:
mdmr.Rd: davies
mixed.mdmr.Rd: lmer, lme4, davies
Please provide package anchors for all Rd \link{} targets not in the
package itself and the base packages.
Flavor: r-devel-windows-x86_64