Last updated on 2024-07-18 04:50:19 CEST.
Flavor | Version | Tinstall | Tcheck | Ttotal | Status | Flags |
---|---|---|---|---|---|---|
r-devel-linux-x86_64-debian-clang | 0.9-3 | 7.82 | 50.38 | 58.20 | NOTE | |
r-devel-linux-x86_64-debian-gcc | 0.9-3 | 4.78 | 36.67 | 41.45 | NOTE | |
r-devel-linux-x86_64-fedora-clang | 0.9-3 | 71.04 | NOTE | |||
r-devel-linux-x86_64-fedora-gcc | 0.9-3 | 67.35 | NOTE | |||
r-devel-windows-x86_64 | 0.9-3 | 6.00 | 70.00 | 76.00 | NOTE | |
r-patched-linux-x86_64 | 0.9-3 | 4.97 | 46.35 | 51.32 | NOTE | |
r-release-linux-x86_64 | 0.9-3 | 6.29 | 47.20 | 53.49 | NOTE | |
r-release-macos-arm64 | 0.9-3 | 26.00 | NOTE | |||
r-release-macos-x86_64 | 0.9-3 | 51.00 | NOTE | |||
r-release-windows-x86_64 | 0.9-3 | 7.00 | 75.00 | 82.00 | NOTE | |
r-oldrel-macos-arm64 | 0.9-3 | 27.00 | NOTE | |||
r-oldrel-macos-x86_64 | 0.9-3 | 42.00 | NOTE | |||
r-oldrel-windows-x86_64 | 0.9-3 | 8.00 | 79.00 | 87.00 | NOTE |
Version: 0.9-3
Check: Rd files
Result: NOTE
checkRd: (-1) Soybean.Rd:15: Escaped LaTeX specials: \#
checkRd: (-1) Soybean.Rd:33: Escaped LaTeX specials: \#
Flavors: r-devel-linux-x86_64-debian-clang, r-devel-linux-x86_64-debian-gcc, r-devel-linux-x86_64-fedora-clang, r-devel-linux-x86_64-fedora-gcc, r-devel-windows-x86_64, r-patched-linux-x86_64, r-release-linux-x86_64, r-release-macos-arm64, r-release-macos-x86_64, r-release-windows-x86_64, r-oldrel-macos-arm64, r-oldrel-macos-x86_64, r-oldrel-windows-x86_64