CRAN Package Check Results for Package NO.PING.PONG

Last updated on 2025-07-21 09:49:59 CEST.

Flavor Version Tinstall Tcheck Ttotal Status Flags
r-devel-linux-x86_64-debian-clang 0.1.8.7 9.57 77.13 86.70 NOTE
r-devel-linux-x86_64-debian-gcc 0.1.8.7 6.36 56.78 63.14 NOTE
r-devel-linux-x86_64-fedora-clang 0.1.8.7 134.91 OK
r-devel-linux-x86_64-fedora-gcc 0.1.8.7 132.64 OK
r-devel-windows-x86_64 0.1.8.7 10.00 85.00 95.00 OK
r-patched-linux-x86_64 0.1.8.7 10.21 73.95 84.16 OK
r-release-linux-x86_64 0.1.8.7 8.47 73.25 81.72 OK
r-release-macos-arm64 0.1.8.7 43.00 OK
r-release-macos-x86_64 0.1.8.7 78.00 OK
r-release-windows-x86_64 0.1.8.7 9.00 88.00 97.00 OK
r-oldrel-macos-arm64 0.1.8.7 41.00 OK
r-oldrel-macos-x86_64 0.1.8.7 60.00 OK
r-oldrel-windows-x86_64 0.1.8.7 13.00 109.00 122.00 OK

Check Details

Version: 0.1.8.7
Check: CRAN incoming feasibility
Result: NOTE Maintainer: ‘Brian P. O'Connor <brian.oconnor@ubc.ca>’ No Authors@R field in DESCRIPTION. Please add one, modifying Authors@R: person(given = c("Brian", "P."), family = "O'Connor", role = c("aut", "cre"), email = "brian.oconnor@ubc.ca") as necessary. Flavors: r-devel-linux-x86_64-debian-clang, r-devel-linux-x86_64-debian-gcc