Last updated on 2024-07-18 09:52:30 CEST.
Flavor | Version | Tinstall | Tcheck | Ttotal | Status | Flags |
---|---|---|---|---|---|---|
r-devel-linux-x86_64-debian-clang | 0.2 | 6.05 | 57.82 | 63.87 | NOTE | |
r-devel-linux-x86_64-debian-gcc | 0.2 | 5.37 | 43.65 | 49.02 | NOTE | |
r-devel-linux-x86_64-fedora-clang | 0.2 | 78.73 | NOTE | |||
r-devel-windows-x86_64 | 0.2 | 7.00 | 65.00 | 72.00 | NOTE | |
r-patched-linux-x86_64 | 0.2 | 6.78 | 54.11 | 60.89 | NOTE | |
r-release-linux-x86_64 | 0.2 | 6.38 | 53.98 | 60.36 | NOTE | |
r-release-macos-arm64 | 0.2 | 26.00 | NOTE | |||
r-release-macos-x86_64 | 0.2 | 44.00 | NOTE | |||
r-release-windows-x86_64 | 0.2 | 6.00 | 65.00 | 71.00 | NOTE | |
r-oldrel-macos-arm64 | 0.2 | 28.00 | NOTE | |||
r-oldrel-macos-x86_64 | 0.2 | 43.00 | NOTE | |||
r-oldrel-windows-x86_64 | 0.2 | 8.00 | 68.00 | 76.00 | NOTE |
Version: 0.2
Check: package dependencies
Result: NOTE
Package which this enhances but not available for checking: ‘jpndistrict’
Flavors: r-devel-linux-x86_64-debian-clang, r-devel-linux-x86_64-debian-gcc, r-devel-linux-x86_64-fedora-clang, r-devel-windows-x86_64, r-patched-linux-x86_64, r-release-linux-x86_64, r-release-macos-arm64, r-release-macos-x86_64, r-release-windows-x86_64, r-oldrel-macos-arm64, r-oldrel-macos-x86_64, r-oldrel-windows-x86_64
Version: 0.2
Check: Rd cross-references
Result: NOTE
Undeclared packages ‘cshapes’, ‘mapdata’ in Rd xrefs
Flavor: r-devel-linux-x86_64-fedora-clang