Last updated on 2025-07-02 23:49:52 CEST.
Flavor | Version | Tinstall | Tcheck | Ttotal | Status | Flags |
---|---|---|---|---|---|---|
r-devel-linux-x86_64-debian-clang | 0.0.1 | 4.85 | 59.83 | 64.68 | NOTE | |
r-devel-linux-x86_64-debian-gcc | 0.0.1 | 3.90 | 49.06 | 52.96 | NOTE | |
r-devel-linux-x86_64-fedora-clang | 0.0.1 | 106.81 | NOTE | |||
r-devel-linux-x86_64-fedora-gcc | 0.0.1 | 108.62 | NOTE | |||
r-devel-windows-x86_64 | 0.0.1 | 6.00 | 359.00 | 365.00 | NOTE | |
r-patched-linux-x86_64 | 0.0.1 | 4.68 | 47.09 | 51.77 | ERROR | |
r-release-linux-x86_64 | 0.0.1 | 4.27 | 57.25 | 61.52 | NOTE | |
r-release-macos-arm64 | 0.0.1 | 111.00 | NOTE | |||
r-release-macos-x86_64 | 0.0.1 | 135.00 | NOTE | |||
r-release-windows-x86_64 | 0.0.1 | 7.00 | 132.00 | 139.00 | NOTE | |
r-oldrel-macos-arm64 | 0.0.1 | 104.00 | OK | |||
r-oldrel-macos-x86_64 | 0.0.1 | 136.00 | OK | |||
r-oldrel-windows-x86_64 | 0.0.1 | 7.00 | 149.00 | 156.00 | OK |
Version: 0.0.1
Check: DESCRIPTION meta-information
Result: NOTE
Missing dependency on R >= 4.1.0 because package code uses the pipe
|> or function shorthand \(...) syntax added in R 4.1.0.
File(s) using such syntax:
‘OpenRange_api_load_species.Rd’ ‘OpenRange_api_species.Rd’
‘OpenRange_load_species.Rd’ ‘OpenRange_sf.R’ ‘OpenRange_species.Rd’
Flavors: r-devel-linux-x86_64-debian-clang, r-devel-linux-x86_64-debian-gcc, r-devel-linux-x86_64-fedora-clang, r-devel-linux-x86_64-fedora-gcc, r-devel-windows-x86_64, r-patched-linux-x86_64, r-release-linux-x86_64, r-release-macos-arm64, r-release-macos-x86_64, r-release-windows-x86_64
Version: 0.0.1
Check: re-building of vignette outputs
Result: ERROR
Error(s) in re-building vignettes:
...
--- re-building ‘OpenRange.rmd’ using rmarkdown
Quitting from OpenRange.rmd:22-31 [load species]
~~~~~~~~~~~~~~~~~~~~~~~~~~~~~~~~~~~~~~~~~~~~~~~~~~~~~~~~~~~~~~~~~~~~~~~~~~~~~~~~
<error/rlang_error>
Error in `postgresqlNewConnection()`:
! RPosgreSQL error: could not connect public_bien@vegbiendev.nceas.ucsb.edu:5432 on dbname "vegbien": connection to server at "vegbiendev.nceas.ucsb.edu" (128.111.85.31), port 5432 failed: FATAL: remaining connection slots are reserved for non-replication superuser connections
---
Backtrace:
▆
1. └─OpenRange::OpenRange_load_species(species = "Pinus contorta")
2. └─OpenRange:::ranges_sql(query)
3. ├─DBI::dbConnect(...)
4. └─DBI::dbConnect(...)
5. └─RPostgreSQL::postgresqlNewConnection(drv, ...)
~~~~~~~~~~~~~~~~~~~~~~~~~~~~~~~~~~~~~~~~~~~~~~~~~~~~~~~~~~~~~~~~~~~~~~~~~~~~~~~~
Error: processing vignette 'OpenRange.rmd' failed with diagnostics:
RPosgreSQL error: could not connect public_bien@vegbiendev.nceas.ucsb.edu:5432 on dbname "vegbien": connection to server at "vegbiendev.nceas.ucsb.edu" (128.111.85.31), port 5432 failed: FATAL: remaining connection slots are reserved for non-replication superuser connections
--- failed re-building ‘OpenRange.rmd’
SUMMARY: processing the following file failed:
‘OpenRange.rmd’
Error: Vignette re-building failed.
Execution halted
Flavor: r-patched-linux-x86_64