Last updated on 2024-07-18 04:50:21 CEST.
Flavor | Version | Tinstall | Tcheck | Ttotal | Status | Flags |
---|---|---|---|---|---|---|
r-devel-linux-x86_64-debian-clang | 2022.1.28 | 16.16 | 42.55 | 58.71 | OK | |
r-devel-linux-x86_64-debian-gcc | 2022.1.28 | 12.27 | 31.39 | 43.66 | OK | |
r-devel-linux-x86_64-fedora-clang | 2022.1.28 | 76.03 | NOTE | |||
r-devel-linux-x86_64-fedora-gcc | 2022.1.28 | 68.65 | NOTE | |||
r-devel-windows-x86_64 | 2022.1.28 | 16.00 | 62.00 | 78.00 | NOTE | |
r-patched-linux-x86_64 | 2022.1.28 | 18.81 | 39.45 | 58.26 | OK | |
r-release-linux-x86_64 | 2022.1.28 | 13.34 | 39.22 | 52.56 | OK | |
r-release-macos-arm64 | 2022.1.28 | 33.00 | OK | |||
r-release-macos-x86_64 | 2022.1.28 | 42.00 | OK | |||
r-release-windows-x86_64 | 2022.1.28 | 17.00 | 63.00 | 80.00 | OK | |
r-oldrel-macos-arm64 | 2022.1.28 | 38.00 | OK | |||
r-oldrel-macos-x86_64 | 2022.1.28 | 46.00 | OK | |||
r-oldrel-windows-x86_64 | 2022.1.28 | 20.00 | 71.00 | 91.00 | OK |
Version: 2022.1.28
Check: data for non-ASCII characters
Result: NOTE
Note: found 167 marked UTF-8 strings
Flavors: r-devel-linux-x86_64-fedora-clang, r-devel-linux-x86_64-fedora-gcc
Version: 2022.1.28
Check: Rd cross-references
Result: NOTE
Found the following Rd file(s) with Rd \link{} targets missing package
anchors:
clean_taxon_info_children.Rd: taxonomy_taxon_info
Please provide package anchors for all Rd \link{} targets not in the
package itself and the base packages.
Flavor: r-devel-windows-x86_64