Last updated on 2025-07-16 23:49:22 CEST.
Flavor | Version | Tinstall | Tcheck | Ttotal | Status | Flags |
---|---|---|---|---|---|---|
r-devel-linux-x86_64-debian-clang | 1.1.2 | 8.53 | 77.15 | 85.68 | OK | |
r-devel-linux-x86_64-debian-gcc | 1.1.2 | 6.62 | 58.11 | 64.73 | OK | |
r-devel-linux-x86_64-fedora-clang | 1.1.2 | 137.31 | OK | |||
r-devel-linux-x86_64-fedora-gcc | 1.1.2 | 183.64 | OK | |||
r-devel-windows-x86_64 | 1.1.2 | 10.00 | 83.00 | 93.00 | OK | |
r-patched-linux-x86_64 | 1.1.2 | 8.95 | 71.95 | 80.90 | OK | |
r-release-linux-x86_64 | 1.1.2 | 8.76 | 72.07 | 80.83 | OK | |
r-release-macos-arm64 | 1.1.2 | 51.00 | OK | |||
r-release-macos-x86_64 | 1.1.2 | 99.00 | OK | |||
r-release-windows-x86_64 | 1.1.2 | 11.00 | 83.00 | 94.00 | OK | |
r-oldrel-macos-arm64 | 1.1.2 | 48.00 | NOTE | |||
r-oldrel-macos-x86_64 | 1.1.2 | 83.00 | NOTE | |||
r-oldrel-windows-x86_64 | 1.1.2 | 14.00 | 105.00 | 119.00 | OK |
Version: 1.1.2
Check: installed package size
Result: NOTE
installed size is 5.0Mb
sub-directories of 1Mb or more:
doc 4.9Mb
Flavors: r-oldrel-macos-arm64, r-oldrel-macos-x86_64