Last updated on 2024-07-18 04:50:25 CEST.
Flavor | Version | Tinstall | Tcheck | Ttotal | Status | Flags |
---|---|---|---|---|---|---|
r-devel-linux-x86_64-debian-clang | 1.2.2 | 12.37 | 129.94 | 142.31 | OK | |
r-devel-linux-x86_64-debian-gcc | 1.2.2 | 11.27 | 97.79 | 109.06 | OK | |
r-devel-linux-x86_64-fedora-clang | 1.2.2 | 187.33 | OK | |||
r-devel-linux-x86_64-fedora-gcc | 1.2.2 | 169.71 | OK | |||
r-devel-windows-x86_64 | 1.2.2 | 12.00 | 114.00 | 126.00 | NOTE | |
r-patched-linux-x86_64 | 1.2.2 | 14.49 | 123.50 | 137.99 | OK | |
r-release-linux-x86_64 | 1.2.2 | 9.39 | 123.60 | 132.99 | OK | |
r-release-macos-arm64 | 1.2.2 | 52.00 | OK | |||
r-release-macos-x86_64 | 1.2.2 | 76.00 | OK | |||
r-release-windows-x86_64 | 1.2.2 | 12.00 | 121.00 | 133.00 | OK | |
r-oldrel-macos-arm64 | 1.2.2 | 47.00 | OK | |||
r-oldrel-macos-x86_64 | 1.2.2 | 114.00 | OK | |||
r-oldrel-windows-x86_64 | 1.2.2 | 19.00 | 137.00 | 156.00 | OK |
Version: 1.2.2
Check: Rd cross-references
Result: NOTE
Found the following Rd file(s) with Rd \link{} targets missing package
anchors:
ci.Rd: lavaan
mbco.Rd: mxOption
Please provide package anchors for all Rd \link{} targets not in the
package itself and the base packages.
Flavor: r-devel-windows-x86_64