Last updated on 2024-07-18 09:52:34 CEST.
Flavor | Version | Tinstall | Tcheck | Ttotal | Status | Flags |
---|---|---|---|---|---|---|
r-devel-linux-x86_64-debian-clang | 2.8.3 | 589.78 | 61.68 | 651.46 | NOTE | |
r-devel-linux-x86_64-debian-gcc | 2.8.3 | 397.58 | 55.40 | 452.98 | NOTE | |
r-devel-linux-x86_64-fedora-clang | 2.8.3 | 1007.04 | NOTE | |||
r-devel-windows-x86_64 | 2.8.3 | 453.00 | 108.00 | 561.00 | NOTE | |
r-patched-linux-x86_64 | 2.8.3 | 504.62 | 72.86 | 577.48 | OK | |
r-release-linux-x86_64 | 2.8.3 | 526.87 | 72.24 | 599.11 | OK | |
r-release-macos-arm64 | 2.8.3 | 216.00 | NOTE | |||
r-release-macos-x86_64 | 2.8.3 | 277.00 | NOTE | |||
r-release-windows-x86_64 | 2.8.3 | 468.00 | 107.00 | 575.00 | NOTE | |
r-oldrel-macos-arm64 | 2.8.3 | 223.00 | NOTE | |||
r-oldrel-macos-x86_64 | 2.8.3 | 267.00 | NOTE | |||
r-oldrel-windows-x86_64 | 2.8.3 | 595.00 | 117.00 | 712.00 | NOTE |
Version: 2.8.3
Check: compiled code
Result: NOTE
File ‘RNiftyReg/libs/RNiftyReg.so’:
Found non-API call to R: ‘SET_TYPEOF’
Compiled code should not call non-API entry points in R.
See ‘Writing portable packages’ in the ‘Writing R Extensions’ manual,
and section ‘Moving into C API compliance’ for issues with the use of
non-API entry points.
Flavors: r-devel-linux-x86_64-debian-clang, r-devel-linux-x86_64-debian-gcc, r-devel-linux-x86_64-fedora-clang
Version: 2.8.3
Check: installed package size
Result: NOTE
installed size is 5.5Mb
sub-directories of 1Mb or more:
extdata 2.0Mb
libs 3.3Mb
Flavors: r-devel-linux-x86_64-fedora-clang, r-devel-windows-x86_64, r-release-macos-arm64, r-release-macos-x86_64, r-release-windows-x86_64, r-oldrel-macos-arm64, r-oldrel-macos-x86_64, r-oldrel-windows-x86_64
Version: 2.8.3
Check: compiled code
Result: NOTE
File 'RNiftyReg/libs/x64/RNiftyReg.dll':
Found non-API call to R: 'SET_TYPEOF'
Compiled code should not call non-API entry points in R.
See 'Writing portable packages' in the 'Writing R Extensions' manual,
and section 'Moving into C API compliance' for issues with the use of
non-API entry points.
Flavor: r-devel-windows-x86_64