Last updated on 2024-07-18 04:50:26 CEST.
Flavor | Version | Tinstall | Tcheck | Ttotal | Status | Flags |
---|---|---|---|---|---|---|
r-devel-linux-x86_64-debian-clang | 0.7.5 | 14.15 | 120.59 | 134.74 | OK | |
r-devel-linux-x86_64-debian-gcc | 0.7.5 | 11.71 | 86.99 | 98.70 | OK | |
r-devel-linux-x86_64-fedora-clang | 0.7.5 | 168.85 | OK | |||
r-devel-linux-x86_64-fedora-gcc | 0.7.5 | 186.07 | OK | |||
r-devel-windows-x86_64 | 0.7.5 | 12.00 | 100.00 | 112.00 | NOTE | |
r-patched-linux-x86_64 | 0.7.5 | 15.84 | 113.46 | 129.30 | OK | |
r-release-linux-x86_64 | 0.7.5 | 15.40 | 114.99 | 130.39 | OK | |
r-release-macos-arm64 | 0.7.5 | 53.00 | OK | |||
r-release-macos-x86_64 | 0.7.5 | 78.00 | OK | |||
r-release-windows-x86_64 | 0.7.5 | 12.00 | 102.00 | 114.00 | OK | |
r-oldrel-macos-arm64 | 0.7.5 | 57.00 | OK | |||
r-oldrel-macos-x86_64 | 0.7.5 | 89.00 | OK | |||
r-oldrel-windows-x86_64 | 0.7.5 | 16.00 | 121.00 | 137.00 | OK |
Version: 0.7.5
Check: Rd cross-references
Result: NOTE
Found the following Rd file(s) with Rd \link{} targets missing package
anchors:
RRmixed.Rd: lme4, glmer
Please provide package anchors for all Rd \link{} targets not in the
package itself and the base packages.
Flavor: r-devel-windows-x86_64