Last updated on 2024-07-18 04:50:24 CEST.
Flavor | Version | Tinstall | Tcheck | Ttotal | Status | Flags |
---|---|---|---|---|---|---|
r-devel-linux-x86_64-debian-clang | 2.9-2 | 59.59 | 319.49 | 379.08 | OK | |
r-devel-linux-x86_64-debian-gcc | 2.9-2 | 43.10 | 221.66 | 264.76 | OK | |
r-devel-linux-x86_64-fedora-clang | 2.9-2 | 478.55 | NOTE | |||
r-devel-linux-x86_64-fedora-gcc | 2.9-2 | 457.04 | OK | |||
r-devel-windows-x86_64 | 2.9-2 | 37.00 | 230.00 | 267.00 | NOTE | |
r-patched-linux-x86_64 | 2.9-2 | 54.17 | 303.43 | 357.60 | OK | |
r-release-linux-x86_64 | 2.9-2 | 52.20 | 296.84 | 349.04 | OK | |
r-release-macos-arm64 | 2.9-2 | 173.00 | NOTE | |||
r-release-macos-x86_64 | 2.9-2 | 189.00 | NOTE | |||
r-release-windows-x86_64 | 2.9-2 | 36.00 | 221.00 | 257.00 | NOTE | |
r-oldrel-macos-arm64 | 2.9-2 | 115.00 | NOTE | |||
r-oldrel-macos-x86_64 | 2.9-2 | 192.00 | NOTE | |||
r-oldrel-windows-x86_64 | 2.9-2 | 45.00 | 261.00 | 306.00 | NOTE |
Version: 2.9-2
Check: installed package size
Result: NOTE
installed size is 8.0Mb
sub-directories of 1Mb or more:
R 1.2Mb
doc 3.5Mb
po 2.5Mb
Flavors: r-devel-linux-x86_64-fedora-clang, r-devel-windows-x86_64, r-release-macos-arm64, r-release-macos-x86_64, r-release-windows-x86_64, r-oldrel-macos-arm64, r-oldrel-macos-x86_64, r-oldrel-windows-x86_64