CRAN Package Check Results for Package RcmdrPlugin.MPAStats

Last updated on 2025-07-24 17:49:33 CEST.

Flavor Version Tinstall Tcheck Ttotal Status Flags
r-devel-linux-x86_64-debian-clang 1.2.2 18.66 138.54 157.20 NOTE
r-devel-linux-x86_64-debian-gcc 1.2.2 14.45 106.19 120.64 NOTE
r-devel-linux-x86_64-fedora-clang 1.2.2 251.99 OK
r-devel-linux-x86_64-fedora-gcc 1.2.2 238.50 OK
r-devel-windows-x86_64 1.2.2 26.00 190.00 216.00 OK
r-patched-linux-x86_64 1.2.2 17.13 132.38 149.51 OK
r-release-linux-x86_64 1.2.2 18.04 129.74 147.78 OK
r-release-macos-arm64 1.2.2 67.00 OK
r-release-macos-x86_64 1.2.2 139.00 OK
r-release-windows-x86_64 1.2.2 27.00 200.00 227.00 OK
r-oldrel-macos-arm64 1.2.2 68.00 OK
r-oldrel-macos-x86_64 1.2.2 103.00 OK
r-oldrel-windows-x86_64 1.2.2 27.00 185.00 212.00 OK

Check Details

Version: 1.2.2
Check: CRAN incoming feasibility
Result: NOTE Maintainer: ‘Andrew Heiss <andrew@andrewheiss.com>’ No Authors@R field in DESCRIPTION. Please add one, modifying Authors@R: c(person(given = "Andrew", family = "Heiss", role = c("aut", "cre"), email = "andrew@andrewheiss.com"), person(given = "Richard", family = "Payne", role = "aut"), person(given = "Christa", family = "Schank", role = "aut"), person(given = "Jessica", family = "Reese", role = "aut")) as necessary. Flavors: r-devel-linux-x86_64-debian-clang, r-devel-linux-x86_64-debian-gcc