Last updated on 2024-07-18 04:50:24 CEST.
Flavor | Version | Tinstall | Tcheck | Ttotal | Status | Flags |
---|---|---|---|---|---|---|
r-devel-linux-x86_64-debian-clang | 1.1.3 | 43.12 | 239.64 | 282.76 | OK | |
r-devel-linux-x86_64-debian-gcc | 1.1.3 | 30.62 | 172.99 | 203.61 | OK | |
r-devel-linux-x86_64-fedora-clang | 1.1.3 | 370.13 | OK | |||
r-devel-linux-x86_64-fedora-gcc | 1.1.3 | 347.14 | OK | |||
r-devel-windows-x86_64 | 1.1.3 | 40.00 | 226.00 | 266.00 | NOTE | |
r-patched-linux-x86_64 | 1.1.3 | 52.33 | 232.53 | 284.86 | OK | |
r-release-linux-x86_64 | 1.1.3 | 40.87 | 230.30 | 271.17 | OK | |
r-release-macos-arm64 | 1.1.3 | 130.00 | OK | |||
r-release-macos-x86_64 | 1.1.3 | 151.00 | OK | |||
r-release-windows-x86_64 | 1.1.3 | 41.00 | 264.00 | 305.00 | OK | |
r-oldrel-macos-arm64 | 1.1.3 | 82.00 | OK | |||
r-oldrel-macos-x86_64 | 1.1.3 | 164.00 | OK | |||
r-oldrel-windows-x86_64 | 1.1.3 | 37.00 | 205.00 | 242.00 | OK |
Version: 1.1.3
Check: Rd cross-references
Result: NOTE
Found the following Rd file(s) with Rd \link{} targets missing package
anchors:
GUI_RandomANOVA.Rd: lmer
RcmdrPlugin.TeachStat-package.Rd: Rcmdr
Utilities.Rd: distr, DiscreteDistribution, AbscontDistribution
aovreml.Rd: lmer
aovremm.Rd: lmer
characRV.Rd: E, skewness, kurtosis
priceIndexNum.Rd: priceIndex
Please provide package anchors for all Rd \link{} targets not in the
package itself and the base packages.
Flavor: r-devel-windows-x86_64