Last updated on 2024-07-18 04:50:24 CEST.
Flavor | Version | Tinstall | Tcheck | Ttotal | Status | Flags |
---|---|---|---|---|---|---|
r-devel-linux-x86_64-debian-clang | 0.6-0 | 39.47 | 180.41 | 219.88 | OK | |
r-devel-linux-x86_64-debian-gcc | 0.6-0 | 36.72 | 125.09 | 161.81 | OK | |
r-devel-linux-x86_64-fedora-clang | 0.6-0 | 268.30 | OK | |||
r-devel-linux-x86_64-fedora-gcc | 0.6-0 | 347.77 | OK | |||
r-devel-windows-x86_64 | 0.6-0 | 41.00 | 186.00 | 227.00 | OK | |
r-patched-linux-x86_64 | 0.6-0 | 38.34 | 168.80 | 207.14 | OK | |
r-release-linux-x86_64 | 0.6-0 | 43.78 | 167.63 | 211.41 | OK | |
r-release-macos-arm64 | 0.6-0 | 64.00 | NOTE | |||
r-release-macos-x86_64 | 0.6-0 | 111.00 | NOTE | |||
r-release-windows-x86_64 | 0.6-0 | 40.00 | 183.00 | 223.00 | OK | |
r-oldrel-macos-arm64 | 0.6-0 | 101.00 | NOTE | |||
r-oldrel-macos-x86_64 | 0.6-0 | 144.00 | NOTE | |||
r-oldrel-windows-x86_64 | 0.6-0 | 49.00 | 232.00 | 281.00 | OK |
Version: 0.6-0
Check: installed package size
Result: NOTE
installed size is 6.6Mb
sub-directories of 1Mb or more:
libs 6.0Mb
Flavors: r-release-macos-arm64, r-release-macos-x86_64, r-oldrel-macos-arm64, r-oldrel-macos-x86_64