Last updated on 2024-07-18 09:52:34 CEST.
Flavor | Version | Tinstall | Tcheck | Ttotal | Status | Flags |
---|---|---|---|---|---|---|
r-devel-linux-x86_64-debian-clang | 1.5.1 | 3.46 | 42.82 | 46.28 | OK | |
r-devel-linux-x86_64-debian-gcc | 1.5.1 | 3.03 | 32.13 | 35.16 | OK | |
r-devel-linux-x86_64-fedora-clang | 1.5.1 | 60.71 | NOTE | |||
r-devel-windows-x86_64 | 1.5.1 | 4.00 | 59.00 | 63.00 | NOTE | |
r-patched-linux-x86_64 | 1.5.1 | 6.32 | 40.46 | 46.78 | OK | |
r-release-linux-x86_64 | 1.5.1 | 3.88 | 41.73 | 45.61 | OK | |
r-release-macos-arm64 | 1.5.1 | 19.00 | OK | |||
r-release-macos-x86_64 | 1.5.1 | 42.00 | OK | |||
r-release-windows-x86_64 | 1.5.1 | 4.00 | 59.00 | 63.00 | OK | |
r-oldrel-macos-arm64 | 1.5.1 | 24.00 | OK | |||
r-oldrel-macos-x86_64 | 1.5.1 | 73.00 | OK | |||
r-oldrel-windows-x86_64 | 1.5.1 | 6.00 | 65.00 | 71.00 | OK |
Version: 1.5.1
Check: Rd cross-references
Result: NOTE
Undeclared package ‘sp’ in Rd xrefs
Flavor: r-devel-linux-x86_64-fedora-clang
Version: 1.5.1
Check: Rd cross-references
Result: NOTE
Found the following Rd file(s) with Rd \link{} targets missing package
anchors:
ReadMapTile.Rd: readPNG
Please provide package anchors for all Rd \link{} targets not in the
package itself and the base packages.
Flavor: r-devel-windows-x86_64