Last updated on 2024-07-18 04:50:27 CEST.
Flavor | Version | Tinstall | Tcheck | Ttotal | Status | Flags |
---|---|---|---|---|---|---|
r-devel-linux-x86_64-debian-clang | 2.2.5 | 10.29 | 100.93 | 111.22 | OK | |
r-devel-linux-x86_64-debian-gcc | 2.2.5 | 6.52 | 75.84 | 82.36 | OK | |
r-devel-linux-x86_64-fedora-clang | 2.2.5 | 144.38 | OK | |||
r-devel-linux-x86_64-fedora-gcc | 2.2.5 | 147.14 | OK | |||
r-devel-windows-x86_64 | 2.2.5 | 10.00 | 97.00 | 107.00 | OK | |
r-patched-linux-x86_64 | 2.2.5 | 8.45 | 92.15 | 100.60 | OK | |
r-release-linux-x86_64 | 2.2.5 | 5.93 | 92.35 | 98.28 | OK | |
r-release-macos-arm64 | 2.2.5 | 53.00 | OK | |||
r-release-macos-x86_64 | 2.2.5 | 80.00 | OK | |||
r-release-windows-x86_64 | 2.2.5 | 9.00 | 96.00 | 105.00 | OK | |
r-oldrel-macos-arm64 | 2.2.5 | 58.00 | NOTE | |||
r-oldrel-macos-x86_64 | 2.2.5 | 86.00 | NOTE | |||
r-oldrel-windows-x86_64 | 2.2.5 | 13.00 | 115.00 | 128.00 | OK |
Version: 2.2.5
Check: package dependencies
Result: NOTE
Package suggested but not available for checking: ‘rhdf5’
Flavors: r-oldrel-macos-arm64, r-oldrel-macos-x86_64