Last updated on 2025-07-22 09:50:45 CEST.
Flavor | Version | Tinstall | Tcheck | Ttotal | Status | Flags |
---|---|---|---|---|---|---|
r-devel-linux-x86_64-debian-clang | 3.4 | 24.92 | 94.23 | 119.15 | NOTE | |
r-devel-linux-x86_64-debian-gcc | 3.4 | 17.70 | 63.56 | 81.26 | NOTE | |
r-devel-linux-x86_64-fedora-clang | 3.4 | 194.04 | OK | |||
r-devel-linux-x86_64-fedora-gcc | 3.4 | 203.72 | OK | |||
r-devel-windows-x86_64 | 3.4 | 30.00 | 122.00 | 152.00 | OK | |
r-patched-linux-x86_64 | 3.4 | 24.70 | 88.26 | 112.96 | OK | |
r-release-linux-x86_64 | 3.4 | 23.32 | 87.63 | 110.95 | OK | |
r-release-macos-arm64 | 3.4 | 73.00 | OK | |||
r-release-macos-x86_64 | 3.4 | 120.00 | OK | |||
r-release-windows-x86_64 | 3.4 | 29.00 | 121.00 | 150.00 | OK | |
r-oldrel-macos-arm64 | 3.4 | 59.00 | OK | |||
r-oldrel-macos-x86_64 | 3.4 | 82.00 | OK | |||
r-oldrel-windows-x86_64 | 3.4 | 36.00 | 139.00 | 175.00 | OK |
Version: 3.4
Check: CRAN incoming feasibility
Result: NOTE
Maintainer: ‘Daniel Greene <dg333@cam.ac.uk>’
No Authors@R field in DESCRIPTION.
Please add one, modifying
Authors@R: person(given = "Daniel",
family = "Greene",
role = c("aut", "cre"),
email = "dg333@cam.ac.uk")
as necessary.
Flavors: r-devel-linux-x86_64-debian-clang, r-devel-linux-x86_64-debian-gcc