CRAN Package Check Results for Package SmartSVA

Last updated on 2025-07-24 23:49:39 CEST.

Flavor Version Tinstall Tcheck Ttotal Status Flags
r-devel-linux-x86_64-debian-clang 0.1.3 45.41 228.37 273.78 NOTE
r-devel-linux-x86_64-debian-gcc 0.1.3 29.85 159.87 189.72 NOTE
r-devel-linux-x86_64-fedora-clang 0.1.3 425.62 OK
r-devel-linux-x86_64-fedora-gcc 0.1.3 408.94 OK
r-devel-windows-x86_64 0.1.3 46.00 288.00 334.00 OK
r-patched-linux-x86_64 0.1.3 39.28 211.00 250.28 OK
r-release-linux-x86_64 0.1.3 41.09 212.95 254.04 OK
r-release-macos-arm64 0.1.3 112.00 OK
r-release-macos-x86_64 0.1.3 199.00 OK
r-release-windows-x86_64 0.1.3 47.00 213.00 260.00 OK
r-oldrel-macos-arm64 0.1.3 105.00 NOTE
r-oldrel-macos-x86_64 0.1.3 157.00 NOTE
r-oldrel-windows-x86_64 0.1.3 61.00 277.00 338.00 NOTE

Check Details

Version: 0.1.3
Check: CRAN incoming feasibility
Result: NOTE Maintainer: ‘Jun Chen <Chen.Jun2@mayo.edu>’ No Authors@R field in DESCRIPTION. Please add one, modifying Authors@R: c(person(given = "Jun", family = "Chen", role = c("aut", "cre"), email = "Chen.Jun2@mayo.edu"), person(given = "Ehsan", family = "Behnam", role = "aut", email = "behnamgh@usc.edu")) as necessary. Flavors: r-devel-linux-x86_64-debian-clang, r-devel-linux-x86_64-debian-gcc

Version: 0.1.3
Check: LazyData
Result: NOTE 'LazyData' is specified without a 'data' directory Flavors: r-oldrel-macos-arm64, r-oldrel-macos-x86_64, r-oldrel-windows-x86_64