Last updated on 2024-07-18 04:50:28 CEST.
Flavor | Version | Tinstall | Tcheck | Ttotal | Status | Flags |
---|---|---|---|---|---|---|
r-devel-linux-x86_64-debian-clang | 2.32.9 | 40.24 | 717.36 | 757.60 | NOTE | |
r-devel-linux-x86_64-debian-gcc | 2.32.10 | 31.68 | 487.02 | 518.70 | NOTE | |
r-devel-linux-x86_64-fedora-clang | 2.32.10 | 863.07 | NOTE | |||
r-devel-linux-x86_64-fedora-gcc | 2.32.10 | 1073.31 | NOTE | |||
r-devel-windows-x86_64 | 2.32.10 | 72.00 | 590.00 | 662.00 | NOTE | |
r-patched-linux-x86_64 | 2.32.9 | 39.88 | 680.21 | 720.09 | NOTE | |
r-release-linux-x86_64 | 2.32.9 | 38.43 | 658.69 | 697.12 | NOTE | |
r-release-macos-arm64 | 2.32.10 | 208.00 | NOTE | |||
r-release-macos-x86_64 | 2.32.10 | 584.00 | NOTE | |||
r-release-windows-x86_64 | 2.32.10 | 73.00 | 570.00 | 643.00 | NOTE | |
r-oldrel-macos-arm64 | 2.32.10 | 276.00 | ERROR | |||
r-oldrel-macos-x86_64 | 2.32.10 | 604.00 | ERROR | |||
r-oldrel-windows-x86_64 | 2.32.9 | 74.00 | 794.00 | 868.00 | NOTE |
Version: 2.32.9
Check: for GNU extensions in Makefiles
Result: NOTE
GNU make is a SystemRequirements.
Flavors: r-devel-linux-x86_64-debian-clang, r-patched-linux-x86_64, r-release-linux-x86_64, r-oldrel-windows-x86_64
Version: 2.32.10
Check: for GNU extensions in Makefiles
Result: NOTE
GNU make is a SystemRequirements.
Flavors: r-devel-linux-x86_64-debian-gcc, r-devel-linux-x86_64-fedora-clang, r-devel-linux-x86_64-fedora-gcc, r-devel-windows-x86_64, r-release-macos-arm64, r-release-macos-x86_64, r-release-windows-x86_64, r-oldrel-macos-arm64, r-oldrel-macos-x86_64
Version: 2.32.10
Check: installed package size
Result: NOTE
installed size is 15.4Mb
sub-directories of 1Mb or more:
include 12.0Mb
lib 1.4Mb
Flavors: r-devel-linux-x86_64-fedora-clang, r-devel-windows-x86_64, r-release-macos-arm64, r-release-macos-x86_64, r-release-windows-x86_64, r-oldrel-macos-arm64, r-oldrel-macos-x86_64
Version: 2.32.10
Check: running R code from vignettes
Result: ERROR
Errors in running code in vignettes:
when running code in ‘stanmath.Rmd’
...
> Sys.setenv(PKG_LIBS = paste0(StanHeaders:::LdFlags(as_character = TRUE),
+ " -L", shQuote(SH), " -lStanHeaders"))
> x <- optim(rnorm(3), fn = f, gr = g, a = 1:3, method = "BFGS",
+ hessian = TRUE)
When sourcing 'stanmath.R':
Error: object 'g' not found
Execution halted
‘stanmath.Rmd’ using ‘UTF-8’... failed
Flavors: r-oldrel-macos-arm64, r-oldrel-macos-x86_64
Version: 2.32.9
Check: installed package size
Result: NOTE
installed size is 14.1Mb
sub-directories of 1Mb or more:
include 11.3Mb
Flavor: r-oldrel-windows-x86_64