Last updated on 2025-07-17 09:51:07 CEST.
Flavor | Version | Tinstall | Tcheck | Ttotal | Status | Flags |
---|---|---|---|---|---|---|
r-devel-linux-x86_64-debian-clang | 1.0.1 | 1.72 | 18.95 | 20.67 | NOTE | |
r-devel-linux-x86_64-debian-gcc | 1.0.1 | 1.46 | 16.06 | 17.52 | NOTE | |
r-devel-linux-x86_64-fedora-clang | 1.0.1 | 31.93 | OK | |||
r-devel-linux-x86_64-fedora-gcc | 1.0.1 | 29.86 | OK | |||
r-devel-windows-x86_64 | 1.0.1 | 2.00 | 42.00 | 44.00 | OK | |
r-patched-linux-x86_64 | 1.0.1 | 1.59 | 18.06 | 19.65 | OK | |
r-release-linux-x86_64 | 1.0.1 | 1.41 | 17.83 | 19.24 | OK | |
r-release-macos-arm64 | 1.0.1 | 16.00 | OK | |||
r-release-macos-x86_64 | 1.0.1 | 23.00 | OK | |||
r-release-windows-x86_64 | 1.0.1 | 2.00 | 103.00 | 105.00 | OK | |
r-oldrel-macos-arm64 | 1.0.1 | 15.00 | OK | |||
r-oldrel-macos-x86_64 | 1.0.1 | 20.00 | OK | |||
r-oldrel-windows-x86_64 | 1.0.1 | 2.00 | 111.00 | 113.00 | OK |
Version: 1.0.1
Check: CRAN incoming feasibility
Result: NOTE
Maintainer: ‘Siddhartha Kundu <siddhartha_kundu@aiims.edu>’
No Authors@R field in DESCRIPTION.
Please add one, modifying
Authors@R: person(given = "Siddhartha",
family = "Kundu",
role = c("aut", "cre"),
email = "siddhartha_kundu@aiims.edu")
as necessary.
Flavors: r-devel-linux-x86_64-debian-clang, r-devel-linux-x86_64-debian-gcc