Last updated on 2024-07-18 04:50:30 CEST.
Flavor | Version | Tinstall | Tcheck | Ttotal | Status | Flags |
---|---|---|---|---|---|---|
r-devel-linux-x86_64-debian-clang | 1.3-42 | 12.45 | 115.55 | 128.00 | OK | |
r-devel-linux-x86_64-debian-gcc | 1.3-42 | 10.13 | 84.59 | 94.72 | OK | |
r-devel-linux-x86_64-fedora-clang | 1.3-42 | 165.82 | NOTE | |||
r-devel-linux-x86_64-fedora-gcc | 1.3-42 | 147.49 | OK | |||
r-devel-windows-x86_64 | 1.3-42 | 11.00 | 105.00 | 116.00 | NOTE | |
r-patched-linux-x86_64 | 1.3-42 | 13.91 | 106.59 | 120.50 | OK | |
r-release-linux-x86_64 | 1.3-42 | 8.63 | 110.21 | 118.84 | OK | |
r-release-macos-arm64 | 1.3-42 | 45.00 | OK | |||
r-release-macos-x86_64 | 1.3-42 | 82.00 | OK | |||
r-release-windows-x86_64 | 1.3-42 | 11.00 | 110.00 | 121.00 | OK | |
r-oldrel-macos-arm64 | 1.3-42 | 52.00 | OK | |||
r-oldrel-macos-x86_64 | 1.3-42 | 119.00 | OK | |||
r-oldrel-windows-x86_64 | 1.3-42 | 15.00 | 125.00 | 140.00 | OK |
Version: 1.3-42
Check: Rd cross-references
Result: NOTE
Undeclared packages ‘multcomp’, ‘agricolae’ in Rd xrefs
Flavor: r-devel-linux-x86_64-fedora-clang
Version: 1.3-42
Check: Rd cross-references
Result: NOTE
Found the following Rd file(s) with Rd \link{} targets missing package
anchors:
xtable.TukeyC.Rd: xtable
Please provide package anchors for all Rd \link{} targets not in the
package itself and the base packages.
Flavor: r-devel-windows-x86_64