Last updated on 2025-07-04 04:55:44 CEST.
Flavor | Version | Tinstall | Tcheck | Ttotal | Status | Flags |
---|---|---|---|---|---|---|
r-devel-linux-x86_64-debian-clang | 2.0-7 | 10.13 | 79.87 | 90.00 | NOTE | |
r-devel-linux-x86_64-debian-gcc | 2.0-7 | 6.91 | 55.61 | 62.52 | NOTE | |
r-devel-linux-x86_64-fedora-clang | 2.0-7 | 139.46 | NOTE | |||
r-devel-linux-x86_64-fedora-gcc | 2.0-7 | 127.81 | NOTE | |||
r-devel-windows-x86_64 | 2.0-7 | 15.00 | 266.00 | 281.00 | NOTE | |
r-patched-linux-x86_64 | 2.0-7 | 10.51 | 71.97 | 82.48 | NOTE | |
r-release-linux-x86_64 | 2.0-7 | 9.66 | 70.40 | 80.06 | NOTE | |
r-release-macos-arm64 | 2.0-7 | 38.00 | NOTE | |||
r-release-macos-x86_64 | 2.0-7 | 65.00 | NOTE | |||
r-release-windows-x86_64 | 2.0-7 | 13.00 | 125.00 | 138.00 | NOTE | |
r-oldrel-macos-arm64 | 2.0-7 | 37.00 | NOTE | |||
r-oldrel-macos-x86_64 | 2.0-7 | 56.00 | NOTE | |||
r-oldrel-windows-x86_64 | 2.0-7 | 17.00 | 297.00 | 314.00 | NOTE |
Version: 2.0-7
Check: CRAN incoming feasibility
Result: NOTE
Maintainer: ‘John Verzani <verzani@math.csi.cuny.edu>’
No Authors@R field in DESCRIPTION.
Please add one, modifying
Authors@R: person(given = "John",
family = "Verzani",
role = c("aut", "cre"),
email = "verzani@math.csi.cuny.edu")
as necessary.
Flavors: r-devel-linux-x86_64-debian-clang, r-devel-linux-x86_64-debian-gcc
Version: 2.0-7
Check: Rd files
Result: NOTE
checkRd: (-1) aosat.Rd:20: Escaped LaTeX specials: \_ \_ \_
checkRd: (-1) aosat.Rd:21: Escaped LaTeX specials: \_
checkRd: (-1) arctic.oscillations.Rd:19: Escaped LaTeX specials: \_ \_ \_
checkRd: (-1) arctic.oscillations.Rd:20: Escaped LaTeX specials: \_
checkRd: (-1) babies.Rd:28: Escaped LaTeX specials: \&
checkRd: (-1) babies.Rd:41: Escaped LaTeX specials: \$
checkRd: (-1) cabinet.Rd:25: Escaped LaTeX specials: \$
checkRd: (-1) cabinet.Rd:43: Escaped LaTeX specials: \$
checkRd: (-1) cabinet.Rd:48: Escaped LaTeX specials: \$
checkRd: (-1) exec.pay.Rd:5: Escaped LaTeX specials: \$
checkRd: (-1) sp500.excess.Rd:4: Escaped LaTeX specials: \&
checkRd: (-1) sp500.excess.Rd:6: Escaped LaTeX specials: \&
Flavors: r-devel-linux-x86_64-debian-clang, r-devel-linux-x86_64-debian-gcc, r-devel-linux-x86_64-fedora-clang, r-devel-linux-x86_64-fedora-gcc, r-devel-windows-x86_64, r-patched-linux-x86_64, r-release-linux-x86_64, r-release-macos-arm64, r-release-macos-x86_64, r-release-windows-x86_64, r-oldrel-macos-arm64, r-oldrel-macos-x86_64, r-oldrel-windows-x86_64