Last updated on 2025-07-21 17:50:07 CEST.
Flavor | Version | Tinstall | Tcheck | Ttotal | Status | Flags |
---|---|---|---|---|---|---|
r-devel-linux-x86_64-debian-clang | 2.1.2 | 22.11 | 330.02 | 352.13 | NOTE | |
r-devel-linux-x86_64-debian-gcc | 2.1.2 | 15.80 | 218.70 | 234.50 | NOTE | |
r-devel-linux-x86_64-fedora-clang | 2.1.2 | 597.39 | NOTE | |||
r-devel-linux-x86_64-fedora-gcc | 2.1.2 | 558.73 | NOTE | |||
r-devel-windows-x86_64 | 2.1.2 | 24.00 | 316.00 | 340.00 | NOTE | |
r-patched-linux-x86_64 | 2.1.2 | 24.22 | 310.71 | 334.93 | NOTE | |
r-release-linux-x86_64 | 2.1.2 | 21.80 | 314.59 | 336.39 | NOTE | |
r-release-macos-arm64 | 2.1.2 | 147.00 | NOTE | |||
r-release-macos-x86_64 | 2.1.2 | 347.00 | NOTE | |||
r-release-windows-x86_64 | 2.1.2 | 23.00 | 316.00 | 339.00 | NOTE | |
r-oldrel-macos-arm64 | 2.1.2 | 133.00 | OK | |||
r-oldrel-macos-x86_64 | 2.1.2 | 198.00 | OK | |||
r-oldrel-windows-x86_64 | 2.1.2 | 35.00 | 425.00 | 460.00 | OK |
Version: 2.1.2
Check: DESCRIPTION meta-information
Result: NOTE
Missing dependency on R >= 4.1.0 because package code uses the pipe
|> or function shorthand \(...) syntax added in R 4.1.0.
File(s) using such syntax:
‘compute_accumulation_metrics.R’
Flavors: r-devel-linux-x86_64-debian-clang, r-devel-linux-x86_64-debian-gcc, r-devel-linux-x86_64-fedora-clang, r-devel-linux-x86_64-fedora-gcc, r-devel-windows-x86_64, r-patched-linux-x86_64, r-release-linux-x86_64, r-release-macos-arm64, r-release-macos-x86_64, r-release-windows-x86_64