CRAN Package Check Results for Package adjROC

Last updated on 2025-07-17 17:50:07 CEST.

Flavor Version Tinstall Tcheck Ttotal Status Flags
r-devel-linux-x86_64-debian-clang 0.3 4.79 57.58 62.37 NOTE
r-devel-linux-x86_64-debian-gcc 0.3 4.25 42.58 46.83 NOTE
r-devel-linux-x86_64-fedora-clang 0.3 99.41 OK
r-devel-linux-x86_64-fedora-gcc 0.3 96.87 OK
r-devel-windows-x86_64 0.3 7.00 80.00 87.00 OK
r-patched-linux-x86_64 0.3 4.29 54.48 58.77 OK
r-release-linux-x86_64 0.3 4.82 54.28 59.10 OK
r-release-macos-arm64 0.3 31.00 OK
r-release-macos-x86_64 0.3 84.00 OK
r-release-windows-x86_64 0.3 8.00 83.00 91.00 OK
r-oldrel-macos-arm64 0.3 31.00 OK
r-oldrel-macos-x86_64 0.3 45.00 OK
r-oldrel-windows-x86_64 0.3 9.00 99.00 108.00 OK

Check Details

Version: 0.3
Check: CRAN incoming feasibility
Result: NOTE Maintainer: ‘E. F. Haghish <haghish@uio.no>’ No Authors@R field in DESCRIPTION. Please add one, modifying Authors@R: person(given = c("E.", "F."), family = "Haghish", role = c("aut", "cre"), email = "haghish@uio.no") as necessary. Flavors: r-devel-linux-x86_64-debian-clang, r-devel-linux-x86_64-debian-gcc