Last updated on 2024-07-18 04:50:09 CEST.
Flavor | Version | Tinstall | Tcheck | Ttotal | Status | Flags |
---|---|---|---|---|---|---|
r-devel-linux-x86_64-debian-clang | 1.14-4 | 11.17 | 112.65 | 123.82 | OK | |
r-devel-linux-x86_64-debian-gcc | 1.14-4 | 10.56 | 81.14 | 91.70 | OK | |
r-devel-linux-x86_64-fedora-clang | 1.14-4 | 159.82 | NOTE | |||
r-devel-linux-x86_64-fedora-gcc | 1.14-4 | 145.99 | OK | |||
r-devel-windows-x86_64 | 1.14-4 | 13.00 | 98.00 | 111.00 | OK | |
r-patched-linux-x86_64 | 1.14-4 | 14.88 | 106.55 | 121.43 | OK | |
r-release-linux-x86_64 | 1.14-4 | 13.88 | 107.01 | 120.89 | OK | |
r-release-macos-arm64 | 1.14-4 | 42.00 | OK | |||
r-release-macos-x86_64 | 1.14-4 | 61.00 | OK | |||
r-release-windows-x86_64 | 1.14-4 | 13.00 | 99.00 | 112.00 | OK | |
r-oldrel-macos-arm64 | 1.14-4 | 50.00 | OK | |||
r-oldrel-macos-x86_64 | 1.14-4 | 106.00 | OK | |||
r-oldrel-windows-x86_64 | 1.14-4 | 17.00 | 118.00 | 135.00 | OK |
Version: 1.14-4
Check: Rd cross-references
Result: NOTE
Undeclared packages ‘survey’, ‘Matching’ in Rd xrefs
Flavor: r-devel-linux-x86_64-fedora-clang