Last updated on 2025-07-17 13:50:00 CEST.
Flavor | Version | Tinstall | Tcheck | Ttotal | Status | Flags |
---|---|---|---|---|---|---|
r-devel-linux-x86_64-debian-clang | 0.2.4 | 8.26 | 75.43 | 83.69 | OK | |
r-devel-linux-x86_64-debian-gcc | 0.2.4 | 5.91 | 54.68 | 60.59 | OK | |
r-devel-linux-x86_64-fedora-clang | 0.2.4 | 129.13 | OK | |||
r-devel-linux-x86_64-fedora-gcc | 0.2.4 | 120.71 | OK | |||
r-devel-windows-x86_64 | 0.2.4 | 9.00 | 86.00 | 95.00 | OK | |
r-patched-linux-x86_64 | 0.2.4 | 8.37 | 71.26 | 79.63 | ERROR | |
r-release-linux-x86_64 | 0.2.4 | 7.53 | 71.47 | 79.00 | OK | |
r-release-macos-arm64 | 0.2.4 | 40.00 | OK | |||
r-release-macos-x86_64 | 0.2.4 | 70.00 | OK | |||
r-release-windows-x86_64 | 0.2.4 | 9.00 | 85.00 | 94.00 | OK | |
r-oldrel-macos-arm64 | 0.2.4 | 42.00 | OK | |||
r-oldrel-macos-x86_64 | 0.2.4 | 106.00 | OK | |||
r-oldrel-windows-x86_64 | 0.2.4 | 12.00 | 106.00 | 118.00 | OK |
Version: 0.2.4
Check: tests
Result: ERROR
Running ‘testthat.R’ [5s/6s]
Running the tests in ‘tests/testthat.R’ failed.
Complete output:
> # This file is part of the standard setup for testthat.
> # It is recommended that you do not modify it.
> #
> # Where should you do additional test configuration?
> # Learn more about the roles of various files in:
> # * https://r-pkgs.org/testing-design.html#sec-tests-files-overview
> # * https://testthat.r-lib.org/articles/special-files.html
>
> library(testthat)
> library(asm)
>
> test_check("asm")
[ FAIL 1 | WARN 0 | SKIP 1 | PASS 14 ]
══ Skipped tests (1) ═══════════════════════════════════════════════════════════
• empty test (1): 'test-asm.R:100:1'
══ Failed tests ════════════════════════════════════════════════════════════════
── Failure ('test-asm.R:9:3'): test boundary cases ─────────────────────────────
abs(asm_fit$betahat) < 1 is not TRUE
`actual`: FALSE
`expected`: TRUE
[ FAIL 1 | WARN 0 | SKIP 1 | PASS 14 ]
Error: Test failures
Execution halted
Flavor: r-patched-linux-x86_64