CRAN Package Check Results for Package asylum

Last updated on 2025-07-13 13:49:10 CEST.

Flavor Version Tinstall Tcheck Ttotal Status Flags
r-devel-linux-x86_64-debian-clang 1.1.2 37.95 70.17 108.12 OK
r-devel-linux-x86_64-debian-gcc 1.1.2 22.39 48.89 71.28 OK
r-devel-linux-x86_64-fedora-clang 1.1.2 149.66 OK
r-devel-linux-x86_64-fedora-gcc 1.1.2 148.44 OK
r-devel-windows-x86_64 1.1.2 41.00 104.00 145.00 OK
r-patched-linux-x86_64 1.1.2 35.94 65.72 101.66 OK
r-release-linux-x86_64 1.1.2 34.56 67.38 101.94 OK
r-release-macos-arm64 1.1.2 67.00 OK
r-release-macos-x86_64 1.1.2 173.00 OK
r-release-windows-x86_64 1.1.2 39.00 107.00 146.00 OK
r-oldrel-macos-arm64 1.1.2 61.00 NOTE
r-oldrel-macos-x86_64 1.1.2 94.00 OK
r-oldrel-windows-x86_64 1.1.2 41.00 96.00 137.00 OK

Check Details

Version: 1.1.2
Check: installed package size
Result: NOTE installed size is 5.0Mb sub-directories of 1Mb or more: data 4.5Mb Flavor: r-oldrel-macos-arm64