Last updated on 2024-07-18 09:52:09 CEST.
Flavor | Version | Tinstall | Tcheck | Ttotal | Status | Flags |
---|---|---|---|---|---|---|
r-devel-linux-x86_64-debian-clang | 0.9.0 | 3.50 | 37.98 | 41.48 | OK | |
r-devel-linux-x86_64-debian-gcc | 0.9.0 | 2.66 | 28.50 | 31.16 | OK | |
r-devel-linux-x86_64-fedora-clang | 0.9.0 | 51.56 | NOTE | |||
r-devel-windows-x86_64 | 0.9.0 | 5.00 | 50.00 | 55.00 | OK | |
r-patched-linux-x86_64 | 0.9.0 | 3.26 | 36.61 | 39.87 | OK | |
r-release-linux-x86_64 | 0.9.0 | 3.47 | 36.54 | 40.01 | OK | |
r-release-macos-arm64 | 0.9.0 | 20.00 | OK | |||
r-release-macos-x86_64 | 0.9.0 | 32.00 | OK | |||
r-release-windows-x86_64 | 0.9.0 | 5.00 | 50.00 | 55.00 | OK | |
r-oldrel-macos-arm64 | 0.9.0 | 21.00 | OK | |||
r-oldrel-macos-x86_64 | 0.9.0 | 23.00 | OK | |||
r-oldrel-windows-x86_64 | 0.9.0 | 5.00 | 51.00 | 56.00 | OK |
Version: 0.9.0
Check: data for non-ASCII characters
Result: NOTE
Note: found 148 marked UTF-8 strings
Flavor: r-devel-linux-x86_64-fedora-clang