Last updated on 2024-07-18 04:50:09 CEST.
Flavor | Version | Tinstall | Tcheck | Ttotal | Status | Flags |
---|---|---|---|---|---|---|
r-devel-linux-x86_64-debian-clang | 1.1 | 36.92 | 336.87 | 373.79 | OK | |
r-devel-linux-x86_64-debian-gcc | 1.1 | 28.32 | 241.05 | 269.37 | OK | |
r-devel-linux-x86_64-fedora-clang | 1.1 | 475.01 | OK | |||
r-devel-linux-x86_64-fedora-gcc | 1.1 | 454.57 | OK | |||
r-devel-windows-x86_64 | 1.1 | 32.00 | 237.00 | 269.00 | OK | |
r-patched-linux-x86_64 | 1.1 | 21.34 | 323.39 | 344.73 | OK | |
r-release-linux-x86_64 | 1.1 | 26.82 | 321.60 | 348.42 | OK | |
r-release-macos-arm64 | 1.1 | 122.00 | OK | |||
r-release-macos-x86_64 | 1.1 | 197.00 | OK | |||
r-release-windows-x86_64 | 1.1 | 32.00 | 239.00 | 271.00 | OK | |
r-oldrel-macos-arm64 | 1.1 | 139.00 | NOTE | |||
r-oldrel-macos-x86_64 | 1.1 | 250.00 | NOTE | |||
r-oldrel-windows-x86_64 | 1.1 | 42.00 | 311.00 | 353.00 | OK |
Version: 1.1
Check: package dependencies
Result: NOTE
Package suggested but not available for checking: ‘ArrayExpress’
Flavors: r-oldrel-macos-arm64, r-oldrel-macos-x86_64