Last updated on 2024-07-18 04:50:10 CEST.
Flavor | Version | Tinstall | Tcheck | Ttotal | Status | Flags |
---|---|---|---|---|---|---|
r-devel-linux-x86_64-debian-clang | 0.2.8 | 130.44 | 70.81 | 201.25 | NOTE | |
r-devel-linux-x86_64-debian-gcc | 0.2.8 | 79.90 | 52.13 | 132.03 | NOTE | |
r-devel-linux-x86_64-fedora-clang | 0.2.8 | 303.59 | NOTE | |||
r-devel-linux-x86_64-fedora-gcc | 0.2.8 | 301.75 | NOTE | |||
r-devel-windows-x86_64 | 0.2.8 | 97.00 | 96.00 | 193.00 | NOTE | |
r-patched-linux-x86_64 | 0.2.8 | 106.27 | 65.28 | 171.55 | NOTE | |
r-release-linux-x86_64 | 0.2.8 | 101.51 | 67.00 | 168.51 | NOTE | |
r-release-macos-arm64 | 0.2.8 | 75.00 | NOTE | |||
r-release-macos-x86_64 | 0.2.8 | 87.00 | NOTE | |||
r-release-windows-x86_64 | 0.2.8 | 99.00 | 96.00 | 195.00 | NOTE | |
r-oldrel-macos-arm64 | 0.2.8 | 79.00 | NOTE | |||
r-oldrel-macos-x86_64 | 0.2.8 | 303.00 | NOTE | |||
r-oldrel-windows-x86_64 | 0.2.8 | 123.00 | 114.00 | 237.00 | NOTE |
Version: 0.2.8
Check: C++ specification
Result: NOTE
Specified C++11: please drop specification unless essential
Flavors: r-devel-linux-x86_64-debian-clang, r-devel-linux-x86_64-debian-gcc, r-devel-linux-x86_64-fedora-clang, r-devel-linux-x86_64-fedora-gcc, r-devel-windows-x86_64, r-patched-linux-x86_64, r-release-linux-x86_64, r-release-macos-arm64, r-release-macos-x86_64, r-release-windows-x86_64, r-oldrel-macos-arm64, r-oldrel-macos-x86_64, r-oldrel-windows-x86_64
Version: 0.2.8
Check: Rd cross-references
Result: NOTE
Found the following Rd file(s) with Rd \link{} targets missing package
anchors:
read_audio.Rd: Wave
Please provide package anchors for all Rd \link{} targets not in the
package itself and the base packages.
Flavor: r-devel-windows-x86_64
Version: 0.2.8
Check: installed package size
Result: NOTE
installed size is 5.9Mb
sub-directories of 1Mb or more:
libs 4.4Mb
Flavors: r-release-macos-arm64, r-release-macos-x86_64, r-oldrel-macos-arm64, r-oldrel-macos-x86_64