Last updated on 2024-07-18 09:52:12 CEST.
Flavor | Version | Tinstall | Tcheck | Ttotal | Status | Flags |
---|---|---|---|---|---|---|
r-devel-linux-x86_64-debian-clang | 1.3 | 2.53 | 25.72 | 28.25 | OK | |
r-devel-linux-x86_64-debian-gcc | 1.3 | 1.94 | 19.43 | 21.37 | OK | |
r-devel-linux-x86_64-fedora-clang | 1.3 | 35.49 | OK | |||
r-devel-windows-x86_64 | 1.3 | 3.00 | 42.00 | 45.00 | NOTE | |
r-patched-linux-x86_64 | 1.3 | 3.39 | 24.87 | 28.26 | OK | |
r-release-linux-x86_64 | 1.3 | 2.22 | 24.09 | 26.31 | OK | |
r-release-macos-arm64 | 1.3 | 16.00 | OK | |||
r-release-macos-x86_64 | 1.3 | 23.00 | OK | |||
r-release-windows-x86_64 | 1.3 | 3.00 | 41.00 | 44.00 | OK | |
r-oldrel-macos-arm64 | 1.3 | 16.00 | OK | |||
r-oldrel-macos-x86_64 | 1.3 | 23.00 | OK | |||
r-oldrel-windows-x86_64 | 1.3 | 4.00 | 41.00 | 45.00 | OK |
Version: 1.3
Check: Rd cross-references
Result: NOTE
Found the following Rd file(s) with Rd \link{} targets missing package
anchors:
jumpoints.Rd: lars
Please provide package anchors for all Rd \link{} targets not in the
package itself and the base packages.
Flavor: r-devel-windows-x86_64